{"id":106,"date":"2021-09-10T14:41:34","date_gmt":"2021-09-10T12:41:34","guid":{"rendered":"http:\/\/www.sinfoniettageneve.ch\/prod\/?page_id=106"},"modified":"2026-02-14T14:58:24","modified_gmt":"2026-02-14T13:58:24","slug":"comite","status":"publish","type":"page","link":"http:\/\/www.sinfoniettageneve.ch\/prod\/orchestre\/comite\/","title":{"rendered":"Comite"},"content":{"rendered":"\n<h2 class=\"wp-block-heading\">Comit\u00e9 de la Sinfonietta<\/h2>\n\n\n\n<p class=\"wp-block-paragraph\"><strong>Pr\u00e9sident<\/strong>: Olivier Sorg <br><strong>Tr\u00e9sori\u00e8re<\/strong>: Jean Roworth<br><strong>Membres<\/strong>: Alain Brustel, Raymond Perez, Jacques Rougemont<\/p>\n","protected":false},"excerpt":{"rendered":"<p>Comit\u00e9 de la Sinfonietta Pr\u00e9sident: Olivier Sorg Tr\u00e9sori\u00e8re: Jean RoworthMembres: Alain Brustel, Raymond Perez, Jacques Rougemont<\/p>\n","protected":false},"author":1,"featured_media":0,"parent":56,"menu_order":0,"comment_status":"closed","ping_status":"closed","template":"templates\/template-full-width.php","meta":{"_vp_format_video_url":"","_vp_image_focal_point":[],"footnotes":""},"class_list":["post-106","page","type-page","status-publish","hentry"],"_links":{"self":[{"href":"http:\/\/www.sinfoniettageneve.ch\/prod\/wp-json\/wp\/v2\/pages\/106","targetHints":{"allow":["GET"]}}],"collection":[{"href":"http:\/\/www.sinfoniettageneve.ch\/prod\/wp-json\/wp\/v2\/pages"}],"about":[{"href":"http:\/\/www.sinfoniettageneve.ch\/prod\/wp-json\/wp\/v2\/types\/page"}],"author":[{"embeddable":true,"href":"http:\/\/www.sinfoniettageneve.ch\/prod\/wp-json\/wp\/v2\/users\/1"}],"replies":[{"embeddable":true,"href":"http:\/\/www.sinfoniettageneve.ch\/prod\/wp-json\/wp\/v2\/comments?post=106"}],"version-history":[{"count":5,"href":"http:\/\/www.sinfoniettageneve.ch\/prod\/wp-json\/wp\/v2\/pages\/106\/revisions"}],"predecessor-version":[{"id":936,"href":"http:\/\/www.sinfoniettageneve.ch\/prod\/wp-json\/wp\/v2\/pages\/106\/revisions\/936"}],"up":[{"embeddable":true,"href":"http:\/\/www.sinfoniettageneve.ch\/prod\/wp-json\/wp\/v2\/pages\/56"}],"wp:attachment":[{"href":"http:\/\/www.sinfoniettageneve.ch\/prod\/wp-json\/wp\/v2\/media?parent=106"}],"curies":[{"name":"wp","href":"https:\/\/api.w.org\/{rel}","templated":true}]}}

<h2 class="wp-block-heading">Comité de la Sinfonietta</h2>



<p class="wp-block-paragraph"><strong>Président</strong>: Olivier Sorg <br><strong>Trésorière</strong>: Jean Roworth<br><strong>Membres</strong>: Alain Brustel, Raymond Perez, Jacques Rougemont</p>

<p>Comité de la Sinfonietta Président: Olivier Sorg Trésorière: Jean RoworthMembres: Alain Brustel, Raymond Perez, Jacques Rougemont</p>
