{"id":164,"date":"2021-09-10T16:16:16","date_gmt":"2021-09-10T14:16:16","guid":{"rendered":"http:\/\/www.sinfoniettageneve.ch\/prod\/?page_id=164"},"modified":"2024-11-18T09:49:56","modified_gmt":"2024-11-18T08:49:56","slug":"recrutement","status":"publish","type":"page","link":"http:\/\/www.sinfoniettageneve.ch\/prod\/orchestre\/recrutement\/","title":{"rendered":"Recrutement"},"content":{"rendered":"\n<h4 class=\"wp-block-heading\"><strong>Nous recherchons des musiciens pour agrandir notre&nbsp;effectif<\/strong><\/h4>\n\n\n\n<p class=\"wp-block-paragraph\"><strong>Cordes: <\/strong>Violon, Alto, Violoncelle, Contrebasse<\/p>\n\n\n\n<p class=\"wp-block-paragraph\"><strong>Cuivres:  <\/strong>Cor, Trompette<\/p>\n\n\n\n<p class=\"wp-block-paragraph\"><strong>Bois: <\/strong>Basson<\/p>\n\n\n\n<p class=\"wp-block-paragraph\">Nous pr\u00e9parons 3 \u00e0 4 programmes par ann\u00e9e,<br>le niveau exig\u00e9 correspond au certificat ou derni\u00e8re ann\u00e9e du conservatoire, ou amateur exp\u00e9riment\u00e9.<\/p>\n\n\n\n<p class=\"wp-block-paragraph\"><strong>Contact&nbsp;et information: <a href=\"mailto:info@sinfoniettageneve.ch\">info@sinfoniettageneve.ch<\/a><\/strong><\/p>\n","protected":false},"excerpt":{"rendered":"<p>Nous recherchons des musiciens pour agrandir notre&nbsp;effectif Cordes: Violon, Alto, Violoncelle, Contrebasse Cuivres: Cor, Trompette Bois: Basson Nous pr\u00e9parons 3 \u00e0 4 programmes par ann\u00e9e,le niveau exig\u00e9 correspond au certificat ou derni\u00e8re ann\u00e9e du conservatoire, ou amateur exp\u00e9riment\u00e9. Contact&nbsp;et information: info@sinfoniettageneve.ch<\/p>\n","protected":false},"author":1,"featured_media":0,"parent":56,"menu_order":0,"comment_status":"closed","ping_status":"closed","template":"templates\/template-full-width.php","meta":{"_vp_format_video_url":"","_vp_image_focal_point":[],"footnotes":""},"class_list":["post-164","page","type-page","status-publish","hentry"],"_links":{"self":[{"href":"http:\/\/www.sinfoniettageneve.ch\/prod\/wp-json\/wp\/v2\/pages\/164","targetHints":{"allow":["GET"]}}],"collection":[{"href":"http:\/\/www.sinfoniettageneve.ch\/prod\/wp-json\/wp\/v2\/pages"}],"about":[{"href":"http:\/\/www.sinfoniettageneve.ch\/prod\/wp-json\/wp\/v2\/types\/page"}],"author":[{"embeddable":true,"href":"http:\/\/www.sinfoniettageneve.ch\/prod\/wp-json\/wp\/v2\/users\/1"}],"replies":[{"embeddable":true,"href":"http:\/\/www.sinfoniettageneve.ch\/prod\/wp-json\/wp\/v2\/comments?post=164"}],"version-history":[{"count":14,"href":"http:\/\/www.sinfoniettageneve.ch\/prod\/wp-json\/wp\/v2\/pages\/164\/revisions"}],"predecessor-version":[{"id":805,"href":"http:\/\/www.sinfoniettageneve.ch\/prod\/wp-json\/wp\/v2\/pages\/164\/revisions\/805"}],"up":[{"embeddable":true,"href":"http:\/\/www.sinfoniettageneve.ch\/prod\/wp-json\/wp\/v2\/pages\/56"}],"wp:attachment":[{"href":"http:\/\/www.sinfoniettageneve.ch\/prod\/wp-json\/wp\/v2\/media?parent=164"}],"curies":[{"name":"wp","href":"https:\/\/api.w.org\/{rel}","templated":true}]}}

<h4 class="wp-block-heading"><strong>Nous recherchons des musiciens pour agrandir notre&nbsp;effectif</strong></h4>



<p class="wp-block-paragraph"><strong>Cordes: </strong>Violon, Alto, Violoncelle, Contrebasse</p>



<p class="wp-block-paragraph"><strong>Cuivres:  </strong>Cor, Trompette</p>



<p class="wp-block-paragraph"><strong>Bois: </strong>Basson</p>



<p class="wp-block-paragraph">Nous préparons 3 à 4 programmes par année,<br>le niveau exigé correspond au certificat ou dernière année du conservatoire, ou amateur expérimenté.</p>



<p class="wp-block-paragraph"><strong>Contact&nbsp;et information: <a href="mailto:info@sinfoniettageneve.ch">info@sinfoniettageneve.ch</a></strong></p>

<p>Nous recherchons des musiciens pour agrandir notre&nbsp;effectif Cordes: Violon, Alto, Violoncelle, Contrebasse Cuivres: Cor, Trompette Bois: Basson Nous préparons 3 à 4 programmes par année,le niveau exigé correspond au certificat ou dernière année du conservatoire, ou amateur expérimenté. Contact&nbsp;et information: info@sinfoniettageneve.ch</p>
