{"id":230,"date":"2021-09-13T13:18:16","date_gmt":"2021-09-13T11:18:16","guid":{"rendered":"http:\/\/www.sinfoniettageneve.ch\/prod\/?page_id=230"},"modified":"2021-11-09T14:05:17","modified_gmt":"2021-11-09T13:05:17","slug":"concerts-1718","status":"publish","type":"page","link":"http:\/\/www.sinfoniettageneve.ch\/prod\/concerts\/concerts-1718\/","title":{"rendered":"Concerts-1718"},"content":{"rendered":"\n<h2 class=\"wp-block-heading\">Saison 2017-2018<\/h2>\n\n\n\n<p class=\"has-background wp-block-paragraph\" style=\"background-color:#c1e8fb\">8 au 16 juillet 2017: <strong>Tourn\u00e9e en Croatie (concerts \u00e0 Opatija et Pula)<\/strong><\/p>\n\n\n\n<p class=\"wp-block-paragraph\">Direction: <strong>Beno\u00eet Willmann<\/strong><br>Violon: <strong>Cl\u00e9mentine Leblanc<\/strong> (Mozart), <strong>Maya Kadosh <\/strong>et<strong> Fran\u00e7oise Schwob<\/strong> (Bach)<br>Hautbois: <strong>Silvia Esain<\/strong><br>Violoncelle: <strong>Sim\u00e3o Alcoforado Bareira<\/strong><\/p>\n\n\n\n<p class=\"wp-block-paragraph\">Wolfgang Amadeus Mozart, <em>Concerto pour violon n\u00b0 5<\/em><br>Johann Sebastian Bach, <em>Concerto pour deux violons en r\u00e9 mineur<\/em><br>Anton Reicha, <em>Sc\u00e8ne pour cor anglais<\/em><br>Alexander Glazounov, <em>Pi\u00e8ce pour violoncelle et orchestre<\/em><br>Ludwig van Beethoven, <em>Symphonie n\u00b01<\/em><\/p>\n\n\n\n<p class=\"has-background wp-block-paragraph\" style=\"background-color:#c1e8fb\">10 novembre 2017: <strong>Victoria-Hall (Gen\u00e8ve)<br><\/strong>12 novembre 2017: <strong>Auditorium Stravinski (Montreux)<\/strong><\/p>\n\n\n\n<p class=\"wp-block-paragraph\">Direction: <strong>Beno\u00eet Willmann<\/strong><\/p>\n\n\n\n<p class=\"wp-block-paragraph\">Georges Bizet, <em>Carmen (version de concert)<\/em><\/p>\n\n\n\n<p class=\"has-background wp-block-paragraph\" style=\"background-color:#c1e8fb\">3 f\u00e9vrier 2018: <strong>Auditoire Calvin (Gen\u00e8ve)<\/strong><\/p>\n\n\n\n<p class=\"wp-block-paragraph\">Direction: <strong>Beno\u00eet Willmann<\/strong><br>Alto: <strong>Natanael Ferreira<\/strong><br>Violon: <strong>Seat Byeol Choi, Adalberto Vital<\/strong><br>Violoncelle: <strong>Laure Magnien<\/strong><\/p>\n\n\n\n<p class=\"wp-block-paragraph\">Georg Friedrich Haendel, <em>Ouverture \u00abAgrippina\u00bb<\/em><br>Arcangelo Corelli,<em> Concerto Grosso Op. 6 n\u00b03<\/em><br>Jean-Baptiste Lully, <em>Suite de Roland: ouverture<\/em><br>Jean-Philippe Rameau, <em>Danse du calumet (Indes galantes)<\/em><br>Johann Christian Bach, <em>Concerto pour alto en ut mineur<\/em><br>Georg Friedrich Haendel, <em>Water Music, suites n\u00b01 et 2<\/em><\/p>\n\n\n\n<p class=\"has-background wp-block-paragraph\" style=\"background-color:#c1e8fb\">21 avril 2018: <strong>Temple de Rolle<\/strong><br>23 avril 2018: <strong>Salle Frank-Martin (Gen\u00e8ve)<\/strong><\/p>\n\n\n\n<p class=\"wp-block-paragraph\">Direction: <strong>Beno\u00eet Willmann<\/strong><br>Mezzo-soprano: <strong>Carine S\u00e9chaye<\/strong><br>Clarinette: <strong>Dmitry Rasul-Kareyev<\/strong><\/p>\n\n\n\n<p class=\"wp-block-paragraph\">Felix Mendelssohn, <em>Ouverture \u00abLes H\u00e9brides\u00bb<br><\/em>Hector Berlioz, <em>Nuits d\u2019\u00e9t\u00e9<\/em><br>Carl Maria von Weber, <em>Concerto pour clarinette n\u00b02<\/em><\/p>\n\n\n\n<p class=\"has-background wp-block-paragraph\" id=\"chausson18\" style=\"background-color:#c1e8fb\">16 juin 2018: <strong>Salle communale de Collex-Bossy<\/strong><br>17 juin 2018: <strong>Beau-Rivage Palace (Lausanne)<br><\/strong>22 juin 2018: <strong>Salle Frank-Martin (Gen\u00e8ve)<\/strong><\/p>\n\n\n\n<p class=\"wp-block-paragraph\">Direction: <strong>Beno\u00eet Willmann<\/strong><br>Soprano: <strong>H\u00e9l\u00e8ne Walter<\/strong><br>Violon: <strong>Seat Byeol Choi<\/strong><br>Violoncelle: <strong>Laure Magnien<\/strong><\/p>\n\n\n\n<p class=\"wp-block-paragraph\">Max Bruch, <em>Concerto pour violon<\/em><br>Gabriel Faur\u00e9, <em>Apr\u00e8s un r\u00eave pour violoncelle et orchestre<\/em><br>Ernest Chausson, <em>Po\u00e8me de l\u2019amour et de la mer<\/em><\/p>\n\n\n\n<p class=\"has-text-align-center wp-block-paragraph\"><a href=\"http:\/\/www.sinfoniettageneve.ch\/prod\/concerts\/concerts-1617\/\" data-type=\"page\" data-id=\"242\">2016-2017<\/a> \/ <a href=\"http:\/\/www.sinfoniettageneve.ch\/prod\/concerts\/concerts-1819\/\" data-type=\"page\" data-id=\"219\">2018-2019<\/a><\/p>\n","protected":false},"excerpt":{"rendered":"<p>Saison 2017-2018 8 au 16 juillet 2017: Tourn\u00e9e en Croatie (concerts \u00e0 Opatija et Pula) Direction: Beno\u00eet WillmannViolon: Cl\u00e9mentine Leblanc (Mozart), Maya Kadosh et Fran\u00e7oise Schwob (Bach)Hautbois: Silvia EsainVioloncelle: Sim\u00e3o Alcoforado Bareira Wolfgang Amadeus Mozart, Concerto pour violon n\u00b0 5Johann Sebastian Bach, Concerto pour deux violons en r\u00e9 mineurAnton Reicha, Sc\u00e8ne pour cor anglaisAlexander Glazounov, [&hellip;]<\/p>\n","protected":false},"author":1,"featured_media":0,"parent":54,"menu_order":0,"comment_status":"closed","ping_status":"closed","template":"templates\/template-full-width.php","meta":{"_vp_format_video_url":"","_vp_image_focal_point":[],"footnotes":""},"class_list":["post-230","page","type-page","status-publish","hentry"],"_links":{"self":[{"href":"http:\/\/www.sinfoniettageneve.ch\/prod\/wp-json\/wp\/v2\/pages\/230","targetHints":{"allow":["GET"]}}],"collection":[{"href":"http:\/\/www.sinfoniettageneve.ch\/prod\/wp-json\/wp\/v2\/pages"}],"about":[{"href":"http:\/\/www.sinfoniettageneve.ch\/prod\/wp-json\/wp\/v2\/types\/page"}],"author":[{"embeddable":true,"href":"http:\/\/www.sinfoniettageneve.ch\/prod\/wp-json\/wp\/v2\/users\/1"}],"replies":[{"embeddable":true,"href":"http:\/\/www.sinfoniettageneve.ch\/prod\/wp-json\/wp\/v2\/comments?post=230"}],"version-history":[{"count":6,"href":"http:\/\/www.sinfoniettageneve.ch\/prod\/wp-json\/wp\/v2\/pages\/230\/revisions"}],"predecessor-version":[{"id":383,"href":"http:\/\/www.sinfoniettageneve.ch\/prod\/wp-json\/wp\/v2\/pages\/230\/revisions\/383"}],"up":[{"embeddable":true,"href":"http:\/\/www.sinfoniettageneve.ch\/prod\/wp-json\/wp\/v2\/pages\/54"}],"wp:attachment":[{"href":"http:\/\/www.sinfoniettageneve.ch\/prod\/wp-json\/wp\/v2\/media?parent=230"}],"curies":[{"name":"wp","href":"https:\/\/api.w.org\/{rel}","templated":true}]}}

<h2 class="wp-block-heading">Saison 2017-2018</h2>



<p class="has-background wp-block-paragraph" style="background-color:#c1e8fb">8 au 16 juillet 2017: <strong>Tournée en Croatie (concerts à Opatija et Pula)</strong></p>



<p class="wp-block-paragraph">Direction: <strong>Benoît Willmann</strong><br>Violon: <strong>Clémentine Leblanc</strong> (Mozart), <strong>Maya Kadosh </strong>et<strong> Françoise Schwob</strong> (Bach)<br>Hautbois: <strong>Silvia Esain</strong><br>Violoncelle: <strong>Simão Alcoforado Bareira</strong></p>



<p class="wp-block-paragraph">Wolfgang Amadeus Mozart, <em>Concerto pour violon n° 5</em><br>Johann Sebastian Bach, <em>Concerto pour deux violons en ré mineur</em><br>Anton Reicha, <em>Scène pour cor anglais</em><br>Alexander Glazounov, <em>Pièce pour violoncelle et orchestre</em><br>Ludwig van Beethoven, <em>Symphonie n°1</em></p>



<p class="has-background wp-block-paragraph" style="background-color:#c1e8fb">10 novembre 2017: <strong>Victoria-Hall (Genève)<br></strong>12 novembre 2017: <strong>Auditorium Stravinski (Montreux)</strong></p>



<p class="wp-block-paragraph">Direction: <strong>Benoît Willmann</strong></p>



<p class="wp-block-paragraph">Georges Bizet, <em>Carmen (version de concert)</em></p>



<p class="has-background wp-block-paragraph" style="background-color:#c1e8fb">3 février 2018: <strong>Auditoire Calvin (Genève)</strong></p>



<p class="wp-block-paragraph">Direction: <strong>Benoît Willmann</strong><br>Alto: <strong>Natanael Ferreira</strong><br>Violon: <strong>Seat Byeol Choi, Adalberto Vital</strong><br>Violoncelle: <strong>Laure Magnien</strong></p>



<p class="wp-block-paragraph">Georg Friedrich Haendel, <em>Ouverture «Agrippina»</em><br>Arcangelo Corelli,<em> Concerto Grosso Op. 6 n°3</em><br>Jean-Baptiste Lully, <em>Suite de Roland: ouverture</em><br>Jean-Philippe Rameau, <em>Danse du calumet (Indes galantes)</em><br>Johann Christian Bach, <em>Concerto pour alto en ut mineur</em><br>Georg Friedrich Haendel, <em>Water Music, suites n°1 et 2</em></p>



<p class="has-background wp-block-paragraph" style="background-color:#c1e8fb">21 avril 2018: <strong>Temple de Rolle</strong><br>23 avril 2018: <strong>Salle Frank-Martin (Genève)</strong></p>



<p class="wp-block-paragraph">Direction: <strong>Benoît Willmann</strong><br>Mezzo-soprano: <strong>Carine Séchaye</strong><br>Clarinette: <strong>Dmitry Rasul-Kareyev</strong></p>



<p class="wp-block-paragraph">Felix Mendelssohn, <em>Ouverture «Les Hébrides»<br></em>Hector Berlioz, <em>Nuits d’été</em><br>Carl Maria von Weber, <em>Concerto pour clarinette n°2</em></p>



<p class="has-background wp-block-paragraph" id="chausson18" style="background-color:#c1e8fb">16 juin 2018: <strong>Salle communale de Collex-Bossy</strong><br>17 juin 2018: <strong>Beau-Rivage Palace (Lausanne)<br></strong>22 juin 2018: <strong>Salle Frank-Martin (Genève)</strong></p>



<p class="wp-block-paragraph">Direction: <strong>Benoît Willmann</strong><br>Soprano: <strong>Hélène Walter</strong><br>Violon: <strong>Seat Byeol Choi</strong><br>Violoncelle: <strong>Laure Magnien</strong></p>



<p class="wp-block-paragraph">Max Bruch, <em>Concerto pour violon</em><br>Gabriel Fauré, <em>Après un rêve pour violoncelle et orchestre</em><br>Ernest Chausson, <em>Poème de l’amour et de la mer</em></p>



<p class="has-text-align-center wp-block-paragraph"><a href="http://www.sinfoniettageneve.ch/prod/concerts/concerts-1617/" data-type="page" data-id="242">2016-2017</a> / <a href="http://www.sinfoniettageneve.ch/prod/concerts/concerts-1819/" data-type="page" data-id="219">2018-2019</a></p>

<p>Saison 2017-2018 8 au 16 juillet 2017: Tournée en Croatie (concerts à Opatija et Pula) Direction: Benoît WillmannViolon: Clémentine Leblanc (Mozart), Maya Kadosh et Françoise Schwob (Bach)Hautbois: Silvia EsainVioloncelle: Simão Alcoforado Bareira Wolfgang Amadeus Mozart, Concerto pour violon n° 5Johann Sebastian Bach, Concerto pour deux violons en ré mineurAnton Reicha, Scène pour cor anglaisAlexander Glazounov, [&hellip;]</p>
