{"id":296,"date":"2021-09-27T14:12:54","date_gmt":"2021-09-27T12:12:54","guid":{"rendered":"http:\/\/www.sinfoniettageneve.ch\/prod\/?page_id=296"},"modified":"2021-09-27T14:15:48","modified_gmt":"2021-09-27T12:15:48","slug":"pauline-resseguier","status":"publish","type":"page","link":"http:\/\/www.sinfoniettageneve.ch\/prod\/orchestre\/pauline-resseguier\/","title":{"rendered":"Pauline Ress\u00e9guier"},"content":{"rendered":"\n<div class=\"wp-block-image\"><figure class=\"alignright size-large is-resized\"><img loading=\"lazy\" decoding=\"async\" src=\"http:\/\/www.sinfoniettageneve.ch\/prod\/wp-content\/uploads\/2021\/09\/IMG_5203-680x1024.jpg\" alt=\"\" class=\"wp-image-298\" width=\"340\" height=\"512\" srcset=\"http:\/\/www.sinfoniettageneve.ch\/prod\/wp-content\/uploads\/2021\/09\/IMG_5203-680x1024.jpg 680w, http:\/\/www.sinfoniettageneve.ch\/prod\/wp-content\/uploads\/2021\/09\/IMG_5203-199x300.jpg 199w, http:\/\/www.sinfoniettageneve.ch\/prod\/wp-content\/uploads\/2021\/09\/IMG_5203-768x1157.jpg 768w, http:\/\/www.sinfoniettageneve.ch\/prod\/wp-content\/uploads\/2021\/09\/IMG_5203-1019x1536.jpg 1019w, http:\/\/www.sinfoniettageneve.ch\/prod\/wp-content\/uploads\/2021\/09\/IMG_5203-500x753.jpg 500w, http:\/\/www.sinfoniettageneve.ch\/prod\/wp-content\/uploads\/2021\/09\/IMG_5203-800x1206.jpg 800w, http:\/\/www.sinfoniettageneve.ch\/prod\/wp-content\/uploads\/2021\/09\/IMG_5203-1280x1929.jpg 1280w, http:\/\/www.sinfoniettageneve.ch\/prod\/wp-content\/uploads\/2021\/09\/IMG_5203-1200x1808.jpg 1200w, http:\/\/www.sinfoniettageneve.ch\/prod\/wp-content\/uploads\/2021\/09\/IMG_5203.jpg 1359w\" sizes=\"auto, (max-width: 340px) 100vw, 340px\" \/><\/figure><\/div>\n\n\n\n<p class=\"wp-block-paragraph\"><strong>Pauline Ress\u00e9guier<\/strong>&nbsp;est une musicienne \u00e0 multiple facettes. Avant de se sp\u00e9cialiser dans la direction, elle a exp\u00e9riment\u00e9 diff\u00e9rentes fa\u00e7ons de partager, puis de transmettre la passion qui s\u2019est d\u00e9velopp\u00e9e tout au long de son apprentissage musical. Boulimique de savoirs, Pauline pratique plusieurs instruments : le piano, la fl\u00fbte traversi\u00e8re, le cor&#8230; sans oublier la voix ! Apr\u00e8s l\u2019obtention d\u2019un DEM de chant \u00e0 Rennes, la soprano chante quelques saisons dans les choeurs de l\u2019op\u00e9ra. Quelques ann\u00e9es plus t\u00f4t, elle \u00e9tait \u00e9galement membre de l\u2019ensemble vocal professionnel H\u00e9liade. La voix sera aussi d\u00e9terminante dans sa vocation professionnelle de directrice puisqu\u2019elle d\u00e9marre par la direction de ch\u0153urs \u00e0 Boulogne-Billancourt en 2008 et suivra un cursus complet dans cette discipline (DEM, DNSPM, master). Son parcours d\u2019\u00e9tudes la m\u00e8ne donc de sa r\u00e9gion d\u2019origine, le Languedoc Roussillon, \u00e0 la Bretagne, en passant par la r\u00e9gion parisienne pour finalement lui faire d\u00e9couvrir la Suisse et plus particuli\u00e8rement la vall\u00e9e de Joux o\u00f9 elle s\u2019installe en 2018.&nbsp; C\u2019est alors qu\u2019elle se perfectionne dans la sp\u00e9cificit\u00e9 de l\u2019orchestre symphonique, effectuant un master de direction aupr\u00e8s d\u2019Aur\u00e9lien Azan Zielinski, professeur \u00e0 la Haute Ecole de Musique de Lausanne.&nbsp; Des rencontres marquantes dans sa construction de cheffe d\u2019orchestres et de ch\u0153urs, citons \u00e9galement Marianne Guengard, R\u00e9gine Th\u00e9odoresco et Alexandre Myrat, mais aussi El\u00e8ne Golgevit (professeure de chant au CNSM de Paris) et Yves-Marie Pasquet (compositeur et professeur d\u2019analyse). Ceux-l\u00e0 et bien d\u2019autres sont les racines qui ont permis \u00e0 Pauline de s\u2019inscrire dans la lign\u00e9e de musiciens pour qui les questions th\u00e9oriques, voire philosophiques de leur art son intimement li\u00e9es \u00e0 leur pratique.<\/p>\n","protected":false},"excerpt":{"rendered":"<p>Pauline Ress\u00e9guier&nbsp;est une musicienne \u00e0 multiple facettes. Avant de se sp\u00e9cialiser dans la direction, elle a exp\u00e9riment\u00e9 diff\u00e9rentes fa\u00e7ons de partager, puis de transmettre la passion qui s\u2019est d\u00e9velopp\u00e9e tout au long de son apprentissage musical. Boulimique de savoirs, Pauline pratique plusieurs instruments : le piano, la fl\u00fbte traversi\u00e8re, le cor&#8230; sans oublier la voix [&hellip;]<\/p>\n","protected":false},"author":1,"featured_media":0,"parent":56,"menu_order":0,"comment_status":"closed","ping_status":"closed","template":"templates\/template-full-width.php","meta":{"_vp_format_video_url":"","_vp_image_focal_point":[],"footnotes":""},"class_list":["post-296","page","type-page","status-publish","hentry"],"_links":{"self":[{"href":"http:\/\/www.sinfoniettageneve.ch\/prod\/wp-json\/wp\/v2\/pages\/296","targetHints":{"allow":["GET"]}}],"collection":[{"href":"http:\/\/www.sinfoniettageneve.ch\/prod\/wp-json\/wp\/v2\/pages"}],"about":[{"href":"http:\/\/www.sinfoniettageneve.ch\/prod\/wp-json\/wp\/v2\/types\/page"}],"author":[{"embeddable":true,"href":"http:\/\/www.sinfoniettageneve.ch\/prod\/wp-json\/wp\/v2\/users\/1"}],"replies":[{"embeddable":true,"href":"http:\/\/www.sinfoniettageneve.ch\/prod\/wp-json\/wp\/v2\/comments?post=296"}],"version-history":[{"count":3,"href":"http:\/\/www.sinfoniettageneve.ch\/prod\/wp-json\/wp\/v2\/pages\/296\/revisions"}],"predecessor-version":[{"id":301,"href":"http:\/\/www.sinfoniettageneve.ch\/prod\/wp-json\/wp\/v2\/pages\/296\/revisions\/301"}],"up":[{"embeddable":true,"href":"http:\/\/www.sinfoniettageneve.ch\/prod\/wp-json\/wp\/v2\/pages\/56"}],"wp:attachment":[{"href":"http:\/\/www.sinfoniettageneve.ch\/prod\/wp-json\/wp\/v2\/media?parent=296"}],"curies":[{"name":"wp","href":"https:\/\/api.w.org\/{rel}","templated":true}]}}

Pauline Rességuier

<div class="wp-block-image"><figure class="alignright size-large is-resized"><img loading="lazy" decoding="async" src="http://www.sinfoniettageneve.ch/prod/wp-content/uploads/2021/09/IMG_5203-680x1024.jpg" alt="" class="wp-image-298" width="340" height="512" srcset="http://www.sinfoniettageneve.ch/prod/wp-content/uploads/2021/09/IMG_5203-680x1024.jpg 680w, http://www.sinfoniettageneve.ch/prod/wp-content/uploads/2021/09/IMG_5203-199x300.jpg 199w, http://www.sinfoniettageneve.ch/prod/wp-content/uploads/2021/09/IMG_5203-768x1157.jpg 768w, http://www.sinfoniettageneve.ch/prod/wp-content/uploads/2021/09/IMG_5203-1019x1536.jpg 1019w, http://www.sinfoniettageneve.ch/prod/wp-content/uploads/2021/09/IMG_5203-500x753.jpg 500w, http://www.sinfoniettageneve.ch/prod/wp-content/uploads/2021/09/IMG_5203-800x1206.jpg 800w, http://www.sinfoniettageneve.ch/prod/wp-content/uploads/2021/09/IMG_5203-1280x1929.jpg 1280w, http://www.sinfoniettageneve.ch/prod/wp-content/uploads/2021/09/IMG_5203-1200x1808.jpg 1200w, http://www.sinfoniettageneve.ch/prod/wp-content/uploads/2021/09/IMG_5203.jpg 1359w" sizes="auto, (max-width: 340px) 100vw, 340px" /></figure></div>



<p class="wp-block-paragraph"><strong>Pauline Rességuier</strong>&nbsp;est une musicienne à multiple facettes. Avant de se spécialiser dans la direction, elle a expérimenté différentes façons de partager, puis de transmettre la passion qui s’est développée tout au long de son apprentissage musical. Boulimique de savoirs, Pauline pratique plusieurs instruments : le piano, la flûte traversière, le cor&#8230; sans oublier la voix ! Après l’obtention d’un DEM de chant à Rennes, la soprano chante quelques saisons dans les choeurs de l’opéra. Quelques années plus tôt, elle était également membre de l’ensemble vocal professionnel Héliade. La voix sera aussi déterminante dans sa vocation professionnelle de directrice puisqu’elle démarre par la direction de chœurs à Boulogne-Billancourt en 2008 et suivra un cursus complet dans cette discipline (DEM, DNSPM, master). Son parcours d’études la mène donc de sa région d’origine, le Languedoc Roussillon, à la Bretagne, en passant par la région parisienne pour finalement lui faire découvrir la Suisse et plus particulièrement la vallée de Joux où elle s’installe en 2018.&nbsp; C’est alors qu’elle se perfectionne dans la spécificité de l’orchestre symphonique, effectuant un master de direction auprès d’Aurélien Azan Zielinski, professeur à la Haute Ecole de Musique de Lausanne.&nbsp; Des rencontres marquantes dans sa construction de cheffe d’orchestres et de chœurs, citons également Marianne Guengard, Régine Théodoresco et Alexandre Myrat, mais aussi Elène Golgevit (professeure de chant au CNSM de Paris) et Yves-Marie Pasquet (compositeur et professeur d’analyse). Ceux-là et bien d’autres sont les racines qui ont permis à Pauline de s’inscrire dans la lignée de musiciens pour qui les questions théoriques, voire philosophiques de leur art son intimement liées à leur pratique.</p>

<p>Pauline Rességuier&nbsp;est une musicienne à multiple facettes. Avant de se spécialiser dans la direction, elle a expérimenté différentes façons de partager, puis de transmettre la passion qui s’est développée tout au long de son apprentissage musical. Boulimique de savoirs, Pauline pratique plusieurs instruments : le piano, la flûte traversière, le cor&#8230; sans oublier la voix [&hellip;]</p>
