{"id":326,"date":"2021-11-01T15:11:46","date_gmt":"2021-11-01T14:11:46","guid":{"rendered":"http:\/\/www.sinfoniettageneve.ch\/prod\/?page_id=326"},"modified":"2021-11-01T15:12:48","modified_gmt":"2021-11-01T14:12:48","slug":"repertoire-0118","status":"publish","type":"page","link":"http:\/\/www.sinfoniettageneve.ch\/prod\/concerts\/repertoire-0118\/","title":{"rendered":"Repertoire-0118"},"content":{"rendered":"\n<h2 class=\"wp-block-heading\">R\u00e9pertoire 2001-2018<\/h2>\n\n\n\n<h4 class=\"wp-block-heading\">sous la direction de <a rel=\"noreferrer noopener\" href=\"https:\/\/www.osr.ch\/fr\/losr\/musiciens\/musiciens\/personne\/benoit-willmann\" target=\"_blank\">Beno\u00eet Willmann<\/a><\/h4>\n\n\n\n<p class=\"wp-block-paragraph\"><em>Isaac Albeniz<\/em><br>Sevilla<\/p>\n\n\n\n<p class=\"wp-block-paragraph\"><em>Johann Christian Bach<\/em><br>Concerto pour alto un ut min.<\/p>\n\n\n\n<p class=\"wp-block-paragraph\"><em>Johann Sebastian Bach<\/em><br>Concerto pour violon et hautbois BWV 1060<br>Concerto pour deux violons BWV 1043<br>Concerto pour fl\u00fbte<br>Chaconne pour violon seul<br>Cantate \u00ab\u00a0ich habe genug\u00a0\u00bb BWV 82<\/p>\n\n\n\n<p class=\"wp-block-paragraph\"><em>Samuel Barber<\/em><br>Adagio pour cordes<\/p>\n\n\n\n<p class=\"wp-block-paragraph\"><em>B\u00e9la Bart\u00f2k<\/em><br>Deux portraits op. 5<br>7 danses populaires roumaines<\/p>\n\n\n\n<p class=\"wp-block-paragraph\"><em>Ludwig van Beethoven<\/em><br>Symphonies nos 1, 2, 3, 5, 7<br>Concerto pour violon op. 61<br>Concerto pour piano no 5<br>Triple concerto op. 67<br>Ouverture Coriolan<\/p>\n\n\n\n<p class=\"wp-block-paragraph\"><em>Vincenzo Bellini<\/em><br>Concerto pour hautbois<\/p>\n\n\n\n<p class=\"wp-block-paragraph\"><em>Hector Berlioz<\/em><br>\u00ab\u00a0Les nuits d&rsquo;\u00e9t\u00e9\u00a0\u00bb<\/p>\n\n\n\n<p class=\"wp-block-paragraph\"><em>Jean Binet<\/em><br>Suite d&rsquo;airs populaires suisses<\/p>\n\n\n\n<p class=\"wp-block-paragraph\"><em>Georges Bizet<\/em><br>Carmen (op\u00e9ra en version de concert)<br>Suites de Carmen nos 1 et 2<br>Suite pour vents<br>Intermezzo de l&rsquo;Arl\u00e9sienne<\/p>\n\n\n\n<p class=\"wp-block-paragraph\"><em>Luigi Boccherini<\/em><br>Symphonie en r\u00e9<\/p>\n\n\n\n<p class=\"wp-block-paragraph\"><em>Giovanni Bottesini<\/em><br>Grand duo concertant pour violon, conterebasse et orchestre<\/p>\n\n\n\n<p class=\"wp-block-paragraph\"><em>Johannes Brahms<\/em><br>Symphonie no 2<br>Concerto pour violon op. 77<br>Double concerto op. 102<\/p>\n\n\n\n<p class=\"wp-block-paragraph\"><em>Benjamin Britten<\/em><br>Sarabande de la \u00ab\u00a0Simple Symphonie\u00a0\u00bb<\/p>\n\n\n\n<p class=\"wp-block-paragraph\"><em>Max Bruch<\/em><br>Concerto pour violon no 1 en sol min.<br>Concerto pour clarinette, alto et orchestre<\/p>\n\n\n\n<p class=\"wp-block-paragraph\"><em>Emmanuel Chabrier<\/em><br>Suite pastorale pour orchestre<\/p>\n\n\n\n<p class=\"wp-block-paragraph\"><em>Fr\u00e9d\u00e9ric Chopin<\/em><br>Concertos pour piano nos 1 et 2<\/p>\n\n\n\n<p class=\"wp-block-paragraph\"><em>Arcangelo Corelli<\/em><br>Concerto gross op. 6 no 3<\/p>\n\n\n\n<p class=\"wp-block-paragraph\"><em>Anton\u00edn Dvo\u0159\u00e1k<\/em><br>Symphonie du Nouveau Monde<br>Concerto pour violoncelle<br>Suite tch\u00e8que<br>\u00ab\u00a0Waldesruhe\u00a0\u00bb pour violoncelle et orchestre<\/p>\n\n\n\n<p class=\"wp-block-paragraph\"><em>Gaetano Donizetti<\/em><br>Dom Sebastian, roi du portugal (op\u00e9ra en version de concert)<\/p>\n\n\n\n<p class=\"wp-block-paragraph\"><em>Edward Elgar<\/em><br>Concerto pour violoncelle<br>S\u00e9r\u00e9nade pour orchestre \u00e0 cordes op. 20<br>El\u00e9gie pour corde<br>El\u00e9gie pour violoncelle et orchestre<br>S\u00e9r\u00e9nade lyrique<\/p>\n\n\n\n<p class=\"wp-block-paragraph\"><em>Johann Friedrich Fasch<\/em><br>Concerto pour 2 hautbois et trompette<\/p>\n\n\n\n<p class=\"wp-block-paragraph\"><em>Gabriel Faur\u00e9<\/em><br>Caligula op. 52<br>El\u00e9gie pour violoncelle et orchestre<br>Pell\u00e9as et M\u00e9lisande, suite pour orchestre<br>Pavane op. 50<\/p>\n\n\n\n<p class=\"wp-block-paragraph\"><em>Alexandre Galzounov<\/em><br>Chant du m\u00e9n\u00e9strel pour violoncelle et orchestre<\/p>\n\n\n\n<p class=\"wp-block-paragraph\"><em>Charles Gounod<\/em><br>Symphonie no 1<br>Petite symphonie pour instruments \u00e0 vents<\/p>\n\n\n\n<p class=\"wp-block-paragraph\"><em>Edward Grieg<\/em><br>Deux m\u00e9lodies \u00e9l\u00e9giques op. 34<br>Peer Gynt, suie pour orchestre<\/p>\n\n\n\n<p class=\"wp-block-paragraph\"><em>Georg Friedrich H\u00e4ndel<\/em><br>Watermusic suites nos 1 et 2<br>Ouverture d&rsquo;Agrippina<\/p>\n\n\n\n<p class=\"wp-block-paragraph\"><em>Joseph Haydn<\/em><br>Suite de marches pour instruments \u00e0 vents<br>Symphonies nos 44 \u00ab\u00a0Trauer\u00a0\u00bb, 104 \u00ab\u00a0Londres\u00a0\u00bb, 100<br>Symphonie concertante pour violon, violoncelle, basson et hautbois<br>Concerto pour trompette en mi b\u00e9mol<br>Concerto pour violoncelle en do (transcrit pour fl\u00fbte de pan)<br>Concerto pour violoncelle en r\u00e9<br>Concerto pour deux cors<\/p>\n\n\n\n<p class=\"wp-block-paragraph\"><em>Gustav Holst<\/em><br>St Paul&rsquo;s suite<\/p>\n\n\n\n<p class=\"wp-block-paragraph\"><em>Lars-Erik Larsson<\/em><br>Concertino pour trombone op. 45\/7<br>Concerto pour saxophone op. 14<\/p>\n\n\n\n<p class=\"wp-block-paragraph\"><em>Jean-Baptiste Lully<\/em><br>Suite de Roland, ouverture<\/p>\n\n\n\n<p class=\"wp-block-paragraph\"><em>Jules Massenet<\/em><br>Ariane, petite pi\u00e8ce<\/p>\n\n\n\n<p class=\"wp-block-paragraph\"><em>Giuseppe Martucci<\/em><br>Notturno op. 70<\/p>\n\n\n\n<p class=\"wp-block-paragraph\"><em>Felix Mendelssohn-Bartholdy<\/em><br>Symphonie no 4 \u00ab\u00a0italienne\u00a0\u00bb<br>Psaume 42<br>Ouverture \u00ab\u00a0les H\u00e9brides\u00a0\u00bb<br>Concerto pour violon en mi b\u00e9mol<br>Konzertst\u00fcck no 2 pour clarinette et cor de basset<\/p>\n\n\n\n<p class=\"wp-block-paragraph\"><em>Wolfgang Amedeus Mozart<\/em><br>Requiem KV 626<br>Kyrie<br>Ave verum corpus<br>Missa Brevis KV 194<br>Symphonies nos 14, 29, 31 \u00ab\u00a0parisienne\u00a0\u00bb, 38 \u00ab\u00a0Prague\u00a0\u00bb, 40, 41 \u00ab\u00a0Jupiter\u00a0\u00bb<br>Ouvertures \u00ab\u00a0La fl\u00fbte enchant\u00e9e\u00a0\u00bb, \u00ab\u00a0Idom\u00e9n\u00e9e\u00a0\u00bb, \u00ab\u00a0Der Schauspieldirektor\u00a0\u00bb, \u00ab\u00a0La cl\u00e9mence de Titus\u00a0\u00bb, \u00ab\u00a0La finta giardiniera\u00a0\u00bb<br>Concerto pour violon no 3, KV 216<br>Symphonie concertante pour violon et alto KV 364<br>Symphonie concertante pour vents KV 297b<br>Concertos pour piano nos 9, 13, 16<br>Concerto pour clarinette KV 622<br>Concertos pour fl\u00fbte KV 313 et 314<br>Concerto pour hautbois KV 314<br>Concerto pour cor no 4, KV 495<br>Andante pour fl\u00fbte KV 315<br>Serenata Notturna KV 239<br>Airs d&rsquo;op\u00e9ra: Noces de Figaro, Don Giovanni, Cosi fan tutte<\/p>\n\n\n\n<p class=\"wp-block-paragraph\"><em>Blaise Mettraux<\/em><br>Messe de chambre en r\u00e9<\/p>\n\n\n\n<p class=\"wp-block-paragraph\"><em>Ferdinando Paer<\/em><br>S\u00e9miramide (symphonie)<\/p>\n\n\n\n<p class=\"wp-block-paragraph\"><em>Giovanni Baptista Pergolesi<\/em><br>Stabat Mater<br>Concerto pour fl\u00fbte<\/p>\n\n\n\n<p class=\"wp-block-paragraph\"><em>Astor Piazzola<\/em><br>\u00ab\u00a0Inverno portenio\u00a0\u00bb pour violon et orchestre<\/p>\n\n\n\n<p class=\"wp-block-paragraph\"><em>David Popper<\/em><br>Rhapsodie hongroise pour violoncelle et orchestre<\/p>\n\n\n\n<p class=\"wp-block-paragraph\"><em>Francis Poulenc<\/em><br>Concerto pour orgue<\/p>\n\n\n\n<p class=\"wp-block-paragraph\"><em>Henry Purcell<\/em><br>Chaconne en sol majeur<\/p>\n\n\n\n<p class=\"wp-block-paragraph\"><em>Giacomo Puccini<\/em><br>La boh\u00e8me (op\u00e9ra en version de concert)<\/p>\n\n\n\n<p class=\"wp-block-paragraph\"><em>Maurice Ravel<\/em><br>Pavane pour une infante d\u00e9funte<\/p>\n\n\n\n<p class=\"wp-block-paragraph\"><em>Serguei Rachmaninov<\/em><br>Vocalise<\/p>\n\n\n\n<p class=\"wp-block-paragraph\"><em>Joseph Joachim Raff<\/em><br>Rapsodie \u00ab\u00a0Abends\u00a0\u00bb<\/p>\n\n\n\n<p class=\"wp-block-paragraph\"><em>Anton Reicha<\/em><br>R\u00e9citatif et Rondo pour cor anglais et orchestre<\/p>\n\n\n\n<p class=\"wp-block-paragraph\"><em>Jean-Philippe Rameau<\/em><br>Les Indes galantes, danse du calumet<\/p>\n\n\n\n<p class=\"wp-block-paragraph\"><em>Gioachino Rossini<\/em><br>\u00ab\u00a0Pas de six\u00a0\u00bb extrait de Guillaume Tell<\/p>\n\n\n\n<p class=\"wp-block-paragraph\"><em>Camille Saint-Sa\u00ebns<\/em><br>Concerto pour violon no 3<br>Introduction et Rondo capriccioso pour violon et orchestre<br>Concerto pour violoncelle no 2<br>Pr\u00e9lude de \u00ab\u00a0D\u00e9luge\u00a0\u00bb<\/p>\n\n\n\n<p class=\"wp-block-paragraph\"><em>Pablo de Sarasate<\/em><br>\u00ab\u00a0Zigeunerweisen\u00a0\u00bb pour violon et orchestre<\/p>\n\n\n\n<p class=\"wp-block-paragraph\"><em>Franz Schubert<\/em><br>Symphonies nos 1, 4, 5, 6, 8 \u00ab\u00a0inachev\u00e9e\u00a0\u00bb<br>Ouverture italienne<br>Messe en mi b\u00e9mol majeur D 950<br>Tantum Ergo D 962<br>Intende Voci D 963<\/p>\n\n\n\n<p class=\"wp-block-paragraph\"><em>Robert Schumann<\/em><br>Symphonies nos 1 et 4<br>Concerto pour violoncelle<br>Ouverture \u00ab\u00a0Hermann et Dorothea\u00a0\u00bb<\/p>\n\n\n\n<p class=\"wp-block-paragraph\"><em>Emmanuel S\u00e9journ\u00e9<\/em><br>Concerto pour vibraphone<\/p>\n\n\n\n<p class=\"wp-block-paragraph\"><em>Jean Sibelius<br><\/em>Concerto pour violon<br>Valse triste<\/p>\n","protected":false},"excerpt":{"rendered":"<p>R\u00e9pertoire 2001-2018 sous la direction de Beno\u00eet Willmann Isaac AlbenizSevilla Johann Christian BachConcerto pour alto un ut min. Johann Sebastian BachConcerto pour violon et hautbois BWV 1060Concerto pour deux violons BWV 1043Concerto pour fl\u00fbteChaconne pour violon seulCantate \u00ab\u00a0ich habe genug\u00a0\u00bb BWV 82 Samuel BarberAdagio pour cordes B\u00e9la Bart\u00f2kDeux portraits op. 57 danses populaires roumaines Ludwig [&hellip;]<\/p>\n","protected":false},"author":1,"featured_media":0,"parent":54,"menu_order":0,"comment_status":"closed","ping_status":"closed","template":"templates\/template-full-width.php","meta":{"_vp_format_video_url":"","_vp_image_focal_point":[],"footnotes":""},"class_list":["post-326","page","type-page","status-publish","hentry"],"_links":{"self":[{"href":"http:\/\/www.sinfoniettageneve.ch\/prod\/wp-json\/wp\/v2\/pages\/326","targetHints":{"allow":["GET"]}}],"collection":[{"href":"http:\/\/www.sinfoniettageneve.ch\/prod\/wp-json\/wp\/v2\/pages"}],"about":[{"href":"http:\/\/www.sinfoniettageneve.ch\/prod\/wp-json\/wp\/v2\/types\/page"}],"author":[{"embeddable":true,"href":"http:\/\/www.sinfoniettageneve.ch\/prod\/wp-json\/wp\/v2\/users\/1"}],"replies":[{"embeddable":true,"href":"http:\/\/www.sinfoniettageneve.ch\/prod\/wp-json\/wp\/v2\/comments?post=326"}],"version-history":[{"count":2,"href":"http:\/\/www.sinfoniettageneve.ch\/prod\/wp-json\/wp\/v2\/pages\/326\/revisions"}],"predecessor-version":[{"id":328,"href":"http:\/\/www.sinfoniettageneve.ch\/prod\/wp-json\/wp\/v2\/pages\/326\/revisions\/328"}],"up":[{"embeddable":true,"href":"http:\/\/www.sinfoniettageneve.ch\/prod\/wp-json\/wp\/v2\/pages\/54"}],"wp:attachment":[{"href":"http:\/\/www.sinfoniettageneve.ch\/prod\/wp-json\/wp\/v2\/media?parent=326"}],"curies":[{"name":"wp","href":"https:\/\/api.w.org\/{rel}","templated":true}]}}

<h2 class="wp-block-heading">Répertoire 2001-2018</h2>



<h4 class="wp-block-heading">sous la direction de <a rel="noreferrer noopener" href="https://www.osr.ch/fr/losr/musiciens/musiciens/personne/benoit-willmann" target="_blank">Benoît Willmann</a></h4>



<p class="wp-block-paragraph"><em>Isaac Albeniz</em><br>Sevilla</p>



<p class="wp-block-paragraph"><em>Johann Christian Bach</em><br>Concerto pour alto un ut min.</p>



<p class="wp-block-paragraph"><em>Johann Sebastian Bach</em><br>Concerto pour violon et hautbois BWV 1060<br>Concerto pour deux violons BWV 1043<br>Concerto pour flûte<br>Chaconne pour violon seul<br>Cantate « ich habe genug » BWV 82</p>



<p class="wp-block-paragraph"><em>Samuel Barber</em><br>Adagio pour cordes</p>



<p class="wp-block-paragraph"><em>Béla Bartòk</em><br>Deux portraits op. 5<br>7 danses populaires roumaines</p>



<p class="wp-block-paragraph"><em>Ludwig van Beethoven</em><br>Symphonies nos 1, 2, 3, 5, 7<br>Concerto pour violon op. 61<br>Concerto pour piano no 5<br>Triple concerto op. 67<br>Ouverture Coriolan</p>



<p class="wp-block-paragraph"><em>Vincenzo Bellini</em><br>Concerto pour hautbois</p>



<p class="wp-block-paragraph"><em>Hector Berlioz</em><br>« Les nuits d&rsquo;été »</p>



<p class="wp-block-paragraph"><em>Jean Binet</em><br>Suite d&rsquo;airs populaires suisses</p>



<p class="wp-block-paragraph"><em>Georges Bizet</em><br>Carmen (opéra en version de concert)<br>Suites de Carmen nos 1 et 2<br>Suite pour vents<br>Intermezzo de l&rsquo;Arlésienne</p>



<p class="wp-block-paragraph"><em>Luigi Boccherini</em><br>Symphonie en ré</p>



<p class="wp-block-paragraph"><em>Giovanni Bottesini</em><br>Grand duo concertant pour violon, conterebasse et orchestre</p>



<p class="wp-block-paragraph"><em>Johannes Brahms</em><br>Symphonie no 2<br>Concerto pour violon op. 77<br>Double concerto op. 102</p>



<p class="wp-block-paragraph"><em>Benjamin Britten</em><br>Sarabande de la « Simple Symphonie »</p>



<p class="wp-block-paragraph"><em>Max Bruch</em><br>Concerto pour violon no 1 en sol min.<br>Concerto pour clarinette, alto et orchestre</p>



<p class="wp-block-paragraph"><em>Emmanuel Chabrier</em><br>Suite pastorale pour orchestre</p>



<p class="wp-block-paragraph"><em>Frédéric Chopin</em><br>Concertos pour piano nos 1 et 2</p>



<p class="wp-block-paragraph"><em>Arcangelo Corelli</em><br>Concerto gross op. 6 no 3</p>



<p class="wp-block-paragraph"><em>Antonín Dvořák</em><br>Symphonie du Nouveau Monde<br>Concerto pour violoncelle<br>Suite tchèque<br>« Waldesruhe » pour violoncelle et orchestre</p>



<p class="wp-block-paragraph"><em>Gaetano Donizetti</em><br>Dom Sebastian, roi du portugal (opéra en version de concert)</p>



<p class="wp-block-paragraph"><em>Edward Elgar</em><br>Concerto pour violoncelle<br>Sérénade pour orchestre à cordes op. 20<br>Elégie pour corde<br>Elégie pour violoncelle et orchestre<br>Sérénade lyrique</p>



<p class="wp-block-paragraph"><em>Johann Friedrich Fasch</em><br>Concerto pour 2 hautbois et trompette</p>



<p class="wp-block-paragraph"><em>Gabriel Fauré</em><br>Caligula op. 52<br>Elégie pour violoncelle et orchestre<br>Pelléas et Mélisande, suite pour orchestre<br>Pavane op. 50</p>



<p class="wp-block-paragraph"><em>Alexandre Galzounov</em><br>Chant du ménéstrel pour violoncelle et orchestre</p>



<p class="wp-block-paragraph"><em>Charles Gounod</em><br>Symphonie no 1<br>Petite symphonie pour instruments à vents</p>



<p class="wp-block-paragraph"><em>Edward Grieg</em><br>Deux mélodies élégiques op. 34<br>Peer Gynt, suie pour orchestre</p>



<p class="wp-block-paragraph"><em>Georg Friedrich Händel</em><br>Watermusic suites nos 1 et 2<br>Ouverture d&rsquo;Agrippina</p>



<p class="wp-block-paragraph"><em>Joseph Haydn</em><br>Suite de marches pour instruments à vents<br>Symphonies nos 44 « Trauer », 104 « Londres », 100<br>Symphonie concertante pour violon, violoncelle, basson et hautbois<br>Concerto pour trompette en mi bémol<br>Concerto pour violoncelle en do (transcrit pour flûte de pan)<br>Concerto pour violoncelle en ré<br>Concerto pour deux cors</p>



<p class="wp-block-paragraph"><em>Gustav Holst</em><br>St Paul&rsquo;s suite</p>



<p class="wp-block-paragraph"><em>Lars-Erik Larsson</em><br>Concertino pour trombone op. 45/7<br>Concerto pour saxophone op. 14</p>



<p class="wp-block-paragraph"><em>Jean-Baptiste Lully</em><br>Suite de Roland, ouverture</p>



<p class="wp-block-paragraph"><em>Jules Massenet</em><br>Ariane, petite pièce</p>



<p class="wp-block-paragraph"><em>Giuseppe Martucci</em><br>Notturno op. 70</p>



<p class="wp-block-paragraph"><em>Felix Mendelssohn-Bartholdy</em><br>Symphonie no 4 « italienne »<br>Psaume 42<br>Ouverture « les Hébrides »<br>Concerto pour violon en mi bémol<br>Konzertstück no 2 pour clarinette et cor de basset</p>



<p class="wp-block-paragraph"><em>Wolfgang Amedeus Mozart</em><br>Requiem KV 626<br>Kyrie<br>Ave verum corpus<br>Missa Brevis KV 194<br>Symphonies nos 14, 29, 31 « parisienne », 38 « Prague », 40, 41 « Jupiter »<br>Ouvertures « La flûte enchantée », « Idoménée », « Der Schauspieldirektor », « La clémence de Titus », « La finta giardiniera »<br>Concerto pour violon no 3, KV 216<br>Symphonie concertante pour violon et alto KV 364<br>Symphonie concertante pour vents KV 297b<br>Concertos pour piano nos 9, 13, 16<br>Concerto pour clarinette KV 622<br>Concertos pour flûte KV 313 et 314<br>Concerto pour hautbois KV 314<br>Concerto pour cor no 4, KV 495<br>Andante pour flûte KV 315<br>Serenata Notturna KV 239<br>Airs d&rsquo;opéra: Noces de Figaro, Don Giovanni, Cosi fan tutte</p>



<p class="wp-block-paragraph"><em>Blaise Mettraux</em><br>Messe de chambre en ré</p>



<p class="wp-block-paragraph"><em>Ferdinando Paer</em><br>Sémiramide (symphonie)</p>



<p class="wp-block-paragraph"><em>Giovanni Baptista Pergolesi</em><br>Stabat Mater<br>Concerto pour flûte</p>



<p class="wp-block-paragraph"><em>Astor Piazzola</em><br>« Inverno portenio » pour violon et orchestre</p>



<p class="wp-block-paragraph"><em>David Popper</em><br>Rhapsodie hongroise pour violoncelle et orchestre</p>



<p class="wp-block-paragraph"><em>Francis Poulenc</em><br>Concerto pour orgue</p>



<p class="wp-block-paragraph"><em>Henry Purcell</em><br>Chaconne en sol majeur</p>



<p class="wp-block-paragraph"><em>Giacomo Puccini</em><br>La bohème (opéra en version de concert)</p>



<p class="wp-block-paragraph"><em>Maurice Ravel</em><br>Pavane pour une infante défunte</p>



<p class="wp-block-paragraph"><em>Serguei Rachmaninov</em><br>Vocalise</p>



<p class="wp-block-paragraph"><em>Joseph Joachim Raff</em><br>Rapsodie « Abends »</p>



<p class="wp-block-paragraph"><em>Anton Reicha</em><br>Récitatif et Rondo pour cor anglais et orchestre</p>



<p class="wp-block-paragraph"><em>Jean-Philippe Rameau</em><br>Les Indes galantes, danse du calumet</p>



<p class="wp-block-paragraph"><em>Gioachino Rossini</em><br>« Pas de six » extrait de Guillaume Tell</p>



<p class="wp-block-paragraph"><em>Camille Saint-Saëns</em><br>Concerto pour violon no 3<br>Introduction et Rondo capriccioso pour violon et orchestre<br>Concerto pour violoncelle no 2<br>Prélude de « Déluge »</p>



<p class="wp-block-paragraph"><em>Pablo de Sarasate</em><br>« Zigeunerweisen » pour violon et orchestre</p>



<p class="wp-block-paragraph"><em>Franz Schubert</em><br>Symphonies nos 1, 4, 5, 6, 8 « inachevée »<br>Ouverture italienne<br>Messe en mi bémol majeur D 950<br>Tantum Ergo D 962<br>Intende Voci D 963</p>



<p class="wp-block-paragraph"><em>Robert Schumann</em><br>Symphonies nos 1 et 4<br>Concerto pour violoncelle<br>Ouverture « Hermann et Dorothea »</p>



<p class="wp-block-paragraph"><em>Emmanuel Séjourné</em><br>Concerto pour vibraphone</p>



<p class="wp-block-paragraph"><em>Jean Sibelius<br></em>Concerto pour violon<br>Valse triste</p>

<p>Répertoire 2001-2018 sous la direction de Benoît Willmann Isaac AlbenizSevilla Johann Christian BachConcerto pour alto un ut min. Johann Sebastian BachConcerto pour violon et hautbois BWV 1060Concerto pour deux violons BWV 1043Concerto pour flûteChaconne pour violon seulCantate « ich habe genug » BWV 82 Samuel BarberAdagio pour cordes Béla BartòkDeux portraits op. 57 danses populaires roumaines Ludwig [&hellip;]</p>
