{"id":466,"date":"2022-07-25T15:23:06","date_gmt":"2022-07-25T13:23:06","guid":{"rendered":"http:\/\/www.sinfoniettageneve.ch\/prod\/?page_id=466"},"modified":"2022-07-25T15:25:30","modified_gmt":"2022-07-25T13:25:30","slug":"yann-kerninon","status":"publish","type":"page","link":"http:\/\/www.sinfoniettageneve.ch\/prod\/orchestre\/yann-kerninon\/","title":{"rendered":"Yann Kerninon"},"content":{"rendered":"<div class=\"wp-block-image\">\n<figure class=\"alignright size-full\"><img loading=\"lazy\" decoding=\"async\" width=\"595\" height=\"397\" src=\"http:\/\/www.sinfoniettageneve.ch\/prod\/wp-content\/uploads\/2022\/07\/BW2I2283.jpg\" alt=\"\" class=\"wp-image-467\" srcset=\"http:\/\/www.sinfoniettageneve.ch\/prod\/wp-content\/uploads\/2022\/07\/BW2I2283.jpg 595w, http:\/\/www.sinfoniettageneve.ch\/prod\/wp-content\/uploads\/2022\/07\/BW2I2283-300x200.jpg 300w, http:\/\/www.sinfoniettageneve.ch\/prod\/wp-content\/uploads\/2022\/07\/BW2I2283-500x334.jpg 500w\" sizes=\"auto, (max-width: 595px) 100vw, 595px\" \/><\/figure>\n<\/div>\n\n\n<p class=\"wp-block-paragraph\"><strong>Yann Kerninon<\/strong> est un chef d\u2019orchestre et pianiste fran\u00e7ais, n\u00e9 en 1987 \u00e0 Brive-La-Gaillarde. Il est actuellement le professeur assistant de la classe de direction d\u2019orchestre de la Haute \u00e9cole de musique de Gen\u00e8ve depuis septembre 2017.<\/p>\n\n\n\n<p class=\"wp-block-paragraph\">Durant son parcours musical, il a eu l\u2019opportunit\u00e9 de diriger de nombreux ensembles tels que l\u2019Orchestre de Chambre de Gen\u00e8ve, l\u2019Ensemble Contrechamps de Gen\u00e8ve, le Karlovarsk\u00fd Symfonick\u00fd Orchestr (Karlovy Vary, R\u00e9publique Tch\u00e8que), l\u2019Orchestre des Hautes \u00e9coles de musique de Gen\u00e8ve et Zurich, lors de r\u00e9p\u00e9titions, concerts et masterclasses. Il sera \u00e9galement chef assistant de plusieurs productions d\u2019op\u00e9ra, notamment \u00e0 l\u2019Op\u00e9ra National de Paris avec Philippe Jordan en 2018 et \u00e0 l\u2019Op\u00e9ra de Chambre de Gen\u00e8ve avec Franco Trinca en 2018 et 2019.<\/p>\n\n\n\n<p class=\"wp-block-paragraph\">Durant son parcours musical, il recevra des conseils aupr\u00e8s de nombreux chefs d\u2019orchestres tels que Neeme J\u00e4rvi, Philippe Jordan, Yuri Simonov, Ingo Metzmacher, Serge Baudot, Julien Salemkour, Arie van Beek, Franco Trinca, Jason Lai, Antoine Marguier et Laurent Gay.<\/p>\n\n\n\n<p class=\"wp-block-paragraph\">Apr\u00e8s avoir obtenu son Baccalaur\u00e9at (Sciences de l\u2019Ing\u00e9nieur) en 2005, il d\u00e9cide de se perfectionner dans le domaine de la musique. Il est alors admis au Conservatoire \u00e0 Rayonnement R\u00e9gional de Toulouse, o\u00f9 il obtient le Dipl\u00f4me d\u2019\u00c9tudes Musicales en direction d\u2019orchestre, piano, musique de chambre, analyse et contrepoint, et orchestration. Il a alors l\u2019opportunit\u00e9 de jouer en tant que pianiste-accompagnateur lors de plusieurs productions, notamment avec l\u2019Orchestre National du Capitole de Toulouse, lors de productions d\u2019op\u00e9ras.<\/p>\n\n\n\n<p class=\"wp-block-paragraph\">Dans le but de pratiquer la direction d\u2019orchestre de mani\u00e8re plus intensive, il fonde et dirige l\u2019orchestre symphonique Opus 31 de Toulouse entre 2009 et 2013, ce qui lui permet d\u2019aborder un large r\u00e9pertoire m\u00ealant musique symphonique et musique vocale.<\/p>\n\n\n\n<p class=\"wp-block-paragraph\">Montrant un vif int\u00e9r\u00eat pour la p\u00e9dagogie, il rentre \u00e0 l\u2019Institut Sup\u00e9rieur des Arts de Toulouse en 2010 et obtient un Dipl\u00f4me d\u2019\u00c9tat de piano en 2012. Il entame \u00e9galement une License en accompagnement piano en 2012 dans cette m\u00eame structure.<\/p>\n\n\n\n<p class=\"wp-block-paragraph\">En 2013, il entre \u00e0 la Haute \u00e9cole de musique de Gen\u00e8ve en direction d\u2019orchestre dans la classe de Laurent Gay, et obtient un Bachelor of Arts in Music en direction d\u2019orchestre en juin 2015 ainsi qu\u2019un Master of Arts in Music en direction d\u2019orchestre sp\u00e9cialis\u00e9e en juin 2017.<\/p>\n","protected":false},"excerpt":{"rendered":"<p>Yann Kerninon est un chef d\u2019orchestre et pianiste fran\u00e7ais, n\u00e9 en 1987 \u00e0 Brive-La-Gaillarde. Il est actuellement le professeur assistant de la classe de direction d\u2019orchestre de la Haute \u00e9cole de musique de Gen\u00e8ve depuis septembre 2017. Durant son parcours musical, il a eu l\u2019opportunit\u00e9 de diriger de nombreux ensembles tels que l\u2019Orchestre de Chambre [&hellip;]<\/p>\n","protected":false},"author":1,"featured_media":0,"parent":56,"menu_order":0,"comment_status":"closed","ping_status":"closed","template":"templates\/template-full-width.php","meta":{"_vp_format_video_url":"","_vp_image_focal_point":[],"footnotes":""},"class_list":["post-466","page","type-page","status-publish","hentry"],"_links":{"self":[{"href":"http:\/\/www.sinfoniettageneve.ch\/prod\/wp-json\/wp\/v2\/pages\/466","targetHints":{"allow":["GET"]}}],"collection":[{"href":"http:\/\/www.sinfoniettageneve.ch\/prod\/wp-json\/wp\/v2\/pages"}],"about":[{"href":"http:\/\/www.sinfoniettageneve.ch\/prod\/wp-json\/wp\/v2\/types\/page"}],"author":[{"embeddable":true,"href":"http:\/\/www.sinfoniettageneve.ch\/prod\/wp-json\/wp\/v2\/users\/1"}],"replies":[{"embeddable":true,"href":"http:\/\/www.sinfoniettageneve.ch\/prod\/wp-json\/wp\/v2\/comments?post=466"}],"version-history":[{"count":1,"href":"http:\/\/www.sinfoniettageneve.ch\/prod\/wp-json\/wp\/v2\/pages\/466\/revisions"}],"predecessor-version":[{"id":468,"href":"http:\/\/www.sinfoniettageneve.ch\/prod\/wp-json\/wp\/v2\/pages\/466\/revisions\/468"}],"up":[{"embeddable":true,"href":"http:\/\/www.sinfoniettageneve.ch\/prod\/wp-json\/wp\/v2\/pages\/56"}],"wp:attachment":[{"href":"http:\/\/www.sinfoniettageneve.ch\/prod\/wp-json\/wp\/v2\/media?parent=466"}],"curies":[{"name":"wp","href":"https:\/\/api.w.org\/{rel}","templated":true}]}}

<div class="wp-block-image">
<figure class="alignright size-full"><img loading="lazy" decoding="async" width="595" height="397" src="http://www.sinfoniettageneve.ch/prod/wp-content/uploads/2022/07/BW2I2283.jpg" alt="" class="wp-image-467" srcset="http://www.sinfoniettageneve.ch/prod/wp-content/uploads/2022/07/BW2I2283.jpg 595w, http://www.sinfoniettageneve.ch/prod/wp-content/uploads/2022/07/BW2I2283-300x200.jpg 300w, http://www.sinfoniettageneve.ch/prod/wp-content/uploads/2022/07/BW2I2283-500x334.jpg 500w" sizes="auto, (max-width: 595px) 100vw, 595px" /></figure>
</div>


<p class="wp-block-paragraph"><strong>Yann Kerninon</strong> est un chef d’orchestre et pianiste français, né en 1987 à Brive-La-Gaillarde. Il est actuellement le professeur assistant de la classe de direction d’orchestre de la Haute école de musique de Genève depuis septembre 2017.</p>



<p class="wp-block-paragraph">Durant son parcours musical, il a eu l’opportunité de diriger de nombreux ensembles tels que l’Orchestre de Chambre de Genève, l’Ensemble Contrechamps de Genève, le Karlovarský Symfonický Orchestr (Karlovy Vary, République Tchèque), l’Orchestre des Hautes écoles de musique de Genève et Zurich, lors de répétitions, concerts et masterclasses. Il sera également chef assistant de plusieurs productions d’opéra, notamment à l’Opéra National de Paris avec Philippe Jordan en 2018 et à l’Opéra de Chambre de Genève avec Franco Trinca en 2018 et 2019.</p>



<p class="wp-block-paragraph">Durant son parcours musical, il recevra des conseils auprès de nombreux chefs d’orchestres tels que Neeme Järvi, Philippe Jordan, Yuri Simonov, Ingo Metzmacher, Serge Baudot, Julien Salemkour, Arie van Beek, Franco Trinca, Jason Lai, Antoine Marguier et Laurent Gay.</p>



<p class="wp-block-paragraph">Après avoir obtenu son Baccalauréat (Sciences de l’Ingénieur) en 2005, il décide de se perfectionner dans le domaine de la musique. Il est alors admis au Conservatoire à Rayonnement Régional de Toulouse, où il obtient le Diplôme d’Études Musicales en direction d’orchestre, piano, musique de chambre, analyse et contrepoint, et orchestration. Il a alors l’opportunité de jouer en tant que pianiste-accompagnateur lors de plusieurs productions, notamment avec l’Orchestre National du Capitole de Toulouse, lors de productions d’opéras.</p>



<p class="wp-block-paragraph">Dans le but de pratiquer la direction d’orchestre de manière plus intensive, il fonde et dirige l’orchestre symphonique Opus 31 de Toulouse entre 2009 et 2013, ce qui lui permet d’aborder un large répertoire mêlant musique symphonique et musique vocale.</p>



<p class="wp-block-paragraph">Montrant un vif intérêt pour la pédagogie, il rentre à l’Institut Supérieur des Arts de Toulouse en 2010 et obtient un Diplôme d’État de piano en 2012. Il entame également une License en accompagnement piano en 2012 dans cette même structure.</p>



<p class="wp-block-paragraph">En 2013, il entre à la Haute école de musique de Genève en direction d’orchestre dans la classe de Laurent Gay, et obtient un Bachelor of Arts in Music en direction d’orchestre en juin 2015 ainsi qu’un Master of Arts in Music en direction d’orchestre spécialisée en juin 2017.</p>

<p>Yann Kerninon est un chef d’orchestre et pianiste français, né en 1987 à Brive-La-Gaillarde. Il est actuellement le professeur assistant de la classe de direction d’orchestre de la Haute école de musique de Genève depuis septembre 2017. Durant son parcours musical, il a eu l’opportunité de diriger de nombreux ensembles tels que l’Orchestre de Chambre [&hellip;]</p>
