{"id":530,"date":"2022-11-21T14:18:40","date_gmt":"2022-11-21T13:18:40","guid":{"rendered":"http:\/\/www.sinfoniettageneve.ch\/prod\/?page_id=530"},"modified":"2024-04-15T11:59:32","modified_gmt":"2024-04-15T09:59:32","slug":"concerts-2223","status":"publish","type":"page","link":"http:\/\/www.sinfoniettageneve.ch\/prod\/concerts\/concerts-2223\/","title":{"rendered":"Concerts-2223"},"content":{"rendered":"\n<h2 class=\"wp-block-heading\" id=\"saison-2022-2023\">Saison 2022-2023<\/h2>\n\n\n\n<p class=\"has-background wp-block-paragraph\" style=\"background-color:#c1e8fb\">19 novembre 2022:&nbsp;<strong>Temple du Saint-Gervais (Gen\u00e8ve)<\/strong><br>20 novembre 2022:&nbsp;<strong>Temple de Rolle<\/strong> <\/p>\n\n\n\n<p class=\"wp-block-paragraph\">Direction:&nbsp;<strong>Yann Kerninon<\/strong><br>Violoncelle:&nbsp;<strong>Camille Coisne<\/strong><\/p>\n\n\n\n<p class=\"wp-block-paragraph\">Wolfgang Amadeus Mozart,&nbsp;<em>Ouverture d\u2019Idom\u00e9n\u00e9e<\/em><br>Robert Schumann,&nbsp;<em>Concerto pour violoncelle<\/em><br>Franz Schubert,&nbsp;<em>Symphonie no 3<\/em><\/p>\n\n\n\n<p class=\"has-background wp-block-paragraph\" style=\"background-color:#c1e8fb\">9 mars 2023: <strong>Salle Frank-Martin (Gen\u00e8ve)<\/strong><br>10 mars 2023: <strong>Salle communale, Collex-Bossy<\/strong><\/p>\n\n\n\n<p class=\"wp-block-paragraph\">Direction:&nbsp;<strong>Yann Kerninon<\/strong><br>Violon:&nbsp;<strong>Sergey Ostrovsky<\/strong><\/p>\n\n\n\n<p class=\"wp-block-paragraph\">Johann Strauss, <em>Ouverture \u00ab\u00a0die Fledermaus\u00a0\u00bb<\/em><br>Piotr Ilitch Tchaikovsky, <em>Concerto pour violon op.35<\/em><br>Robert Schumann, <em>Symphonie no 3 \u00ab\u00a0Rh\u00e9nane\u00a0\u00bb<\/em><\/p>\n\n\n\n<p class=\"has-background wp-block-paragraph\" style=\"background-color:#c1e8fb\">17 juin 2023: <strong>Temple de Rolle<\/strong><br>24 juin 2023: <strong>Salle Frank-Martin (Gen\u00e8ve)<\/strong><\/p>\n\n\n\n<p class=\"wp-block-paragraph\">Direction:&nbsp;<strong>Yann Kerninon<\/strong><br>Hautbois:&nbsp;<strong>Aleksandra Kin\u0111i\u0107<\/strong><\/p>\n\n\n\n<p class=\"wp-block-paragraph\">Wolfgang Amadeus Mozart, <em>Concerto pour hautbois<\/em><br>Claude Debussy (arr. Caplet), <em>Clair de lune<\/em><br>Maurice Ravel, <em>Le tombeau de Couperin<\/em><br>Anton\u00edn Dvo\u0159\u00e1k, <em>Danses slaves no 2 (op. 72) et no 8 (op. 46)<\/em><\/p>\n\n\n\n<p class=\"has-text-align-center wp-block-paragraph\"><a href=\"http:\/\/www.sinfoniettageneve.ch\/prod\/concerts\/concerts-2122\/\">2021-2022<\/a> \/ <a href=\"http:\/\/www.sinfoniettageneve.ch\/prod\/concerts-2324\" data-type=\"page\" data-id=\"54\">2023-2024<\/a><\/p>\n","protected":false},"excerpt":{"rendered":"<p>Saison 2022-2023 19 novembre 2022:&nbsp;Temple du Saint-Gervais (Gen\u00e8ve)20 novembre 2022:&nbsp;Temple de Rolle Direction:&nbsp;Yann KerninonVioloncelle:&nbsp;Camille Coisne Wolfgang Amadeus Mozart,&nbsp;Ouverture d\u2019Idom\u00e9n\u00e9eRobert Schumann,&nbsp;Concerto pour violoncelleFranz Schubert,&nbsp;Symphonie no 3 9 mars 2023: Salle Frank-Martin (Gen\u00e8ve)10 mars 2023: Salle communale, Collex-Bossy Direction:&nbsp;Yann KerninonViolon:&nbsp;Sergey Ostrovsky Johann Strauss, Ouverture \u00ab\u00a0die Fledermaus\u00a0\u00bbPiotr Ilitch Tchaikovsky, Concerto pour violon op.35Robert Schumann, Symphonie no 3 \u00ab\u00a0Rh\u00e9nane\u00a0\u00bb [&hellip;]<\/p>\n","protected":false},"author":1,"featured_media":0,"parent":54,"menu_order":0,"comment_status":"closed","ping_status":"closed","template":"templates\/template-full-width.php","meta":{"_vp_format_video_url":"","_vp_image_focal_point":[],"footnotes":""},"class_list":["post-530","page","type-page","status-publish","hentry"],"_links":{"self":[{"href":"http:\/\/www.sinfoniettageneve.ch\/prod\/wp-json\/wp\/v2\/pages\/530","targetHints":{"allow":["GET"]}}],"collection":[{"href":"http:\/\/www.sinfoniettageneve.ch\/prod\/wp-json\/wp\/v2\/pages"}],"about":[{"href":"http:\/\/www.sinfoniettageneve.ch\/prod\/wp-json\/wp\/v2\/types\/page"}],"author":[{"embeddable":true,"href":"http:\/\/www.sinfoniettageneve.ch\/prod\/wp-json\/wp\/v2\/users\/1"}],"replies":[{"embeddable":true,"href":"http:\/\/www.sinfoniettageneve.ch\/prod\/wp-json\/wp\/v2\/comments?post=530"}],"version-history":[{"count":7,"href":"http:\/\/www.sinfoniettageneve.ch\/prod\/wp-json\/wp\/v2\/pages\/530\/revisions"}],"predecessor-version":[{"id":765,"href":"http:\/\/www.sinfoniettageneve.ch\/prod\/wp-json\/wp\/v2\/pages\/530\/revisions\/765"}],"up":[{"embeddable":true,"href":"http:\/\/www.sinfoniettageneve.ch\/prod\/wp-json\/wp\/v2\/pages\/54"}],"wp:attachment":[{"href":"http:\/\/www.sinfoniettageneve.ch\/prod\/wp-json\/wp\/v2\/media?parent=530"}],"curies":[{"name":"wp","href":"https:\/\/api.w.org\/{rel}","templated":true}]}}

<h2 class="wp-block-heading" id="saison-2022-2023">Saison 2022-2023</h2>



<p class="has-background wp-block-paragraph" style="background-color:#c1e8fb">19 novembre 2022:&nbsp;<strong>Temple du Saint-Gervais (Genève)</strong><br>20 novembre 2022:&nbsp;<strong>Temple de Rolle</strong> </p>



<p class="wp-block-paragraph">Direction:&nbsp;<strong>Yann Kerninon</strong><br>Violoncelle:&nbsp;<strong>Camille Coisne</strong></p>



<p class="wp-block-paragraph">Wolfgang Amadeus Mozart,&nbsp;<em>Ouverture d’Idoménée</em><br>Robert Schumann,&nbsp;<em>Concerto pour violoncelle</em><br>Franz Schubert,&nbsp;<em>Symphonie no 3</em></p>



<p class="has-background wp-block-paragraph" style="background-color:#c1e8fb">9 mars 2023: <strong>Salle Frank-Martin (Genève)</strong><br>10 mars 2023: <strong>Salle communale, Collex-Bossy</strong></p>



<p class="wp-block-paragraph">Direction:&nbsp;<strong>Yann Kerninon</strong><br>Violon:&nbsp;<strong>Sergey Ostrovsky</strong></p>



<p class="wp-block-paragraph">Johann Strauss, <em>Ouverture « die Fledermaus »</em><br>Piotr Ilitch Tchaikovsky, <em>Concerto pour violon op.35</em><br>Robert Schumann, <em>Symphonie no 3 « Rhénane »</em></p>



<p class="has-background wp-block-paragraph" style="background-color:#c1e8fb">17 juin 2023: <strong>Temple de Rolle</strong><br>24 juin 2023: <strong>Salle Frank-Martin (Genève)</strong></p>



<p class="wp-block-paragraph">Direction:&nbsp;<strong>Yann Kerninon</strong><br>Hautbois:&nbsp;<strong>Aleksandra Kinđić</strong></p>



<p class="wp-block-paragraph">Wolfgang Amadeus Mozart, <em>Concerto pour hautbois</em><br>Claude Debussy (arr. Caplet), <em>Clair de lune</em><br>Maurice Ravel, <em>Le tombeau de Couperin</em><br>Antonín Dvořák, <em>Danses slaves no 2 (op. 72) et no 8 (op. 46)</em></p>



<p class="has-text-align-center wp-block-paragraph"><a href="http://www.sinfoniettageneve.ch/prod/concerts/concerts-2122/">2021-2022</a> / <a href="http://www.sinfoniettageneve.ch/prod/concerts-2324" data-type="page" data-id="54">2023-2024</a></p>

<p>Saison 2022-2023 19 novembre 2022:&nbsp;Temple du Saint-Gervais (Genève)20 novembre 2022:&nbsp;Temple de Rolle Direction:&nbsp;Yann KerninonVioloncelle:&nbsp;Camille Coisne Wolfgang Amadeus Mozart,&nbsp;Ouverture d’IdoménéeRobert Schumann,&nbsp;Concerto pour violoncelleFranz Schubert,&nbsp;Symphonie no 3 9 mars 2023: Salle Frank-Martin (Genève)10 mars 2023: Salle communale, Collex-Bossy Direction:&nbsp;Yann KerninonViolon:&nbsp;Sergey Ostrovsky Johann Strauss, Ouverture « die Fledermaus »Piotr Ilitch Tchaikovsky, Concerto pour violon op.35Robert Schumann, Symphonie no 3 « Rhénane » [&hellip;]</p>
