{"id":56,"date":"2021-09-09T16:12:01","date_gmt":"2021-09-09T14:12:01","guid":{"rendered":"http:\/\/www.sinfoniettageneve.ch\/prod\/?page_id=56"},"modified":"2025-08-26T16:50:02","modified_gmt":"2025-08-26T14:50:02","slug":"orchestre","status":"publish","type":"page","link":"http:\/\/www.sinfoniettageneve.ch\/prod\/orchestre\/","title":{"rendered":"Orchestre"},"content":{"rendered":"\n<p class=\"wp-block-paragraph\">L&rsquo;orchestre de chambre La Sinfonietta de Gen\u00e8ve a \u00e9t\u00e9 cr\u00e9\u00e9 en 1991 par un musicien de l&rsquo;Orchestre de la Suisse Romande. Il a \u00e9t\u00e9 dirig\u00e9 de 2001 \u00e0 2018 par <a rel=\"noreferrer noopener\" href=\"https:\/\/www.osr.ch\/fr\/losr\/musiciens\/musiciens\/personne\/benoit-willmann\" target=\"_blank\">Beno\u00eet Willmann<\/a>, de 2020 \u00e0 2022 par <a href=\"http:\/\/www.sinfoniettageneve.ch\/prod\/orchestre\/pauline-resseguier\/\">Pauline Ress\u00e9guier<\/a>, et actuellement par <a href=\"http:\/\/www.sinfoniettageneve.ch\/prod\/orchestre\/yann-kerninon\/\" data-type=\"page\" data-id=\"466\">Yann Kerninon<\/a>.<\/p>\n\n\n\n<p class=\"wp-block-paragraph\">L&rsquo;orchestre se compose d&rsquo;une <a href=\"http:\/\/www.sinfoniettageneve.ch\/prod\/orchestre\/musiciens\/\" data-type=\"page\" data-id=\"58\">trentaine de membres<\/a>, principalement des musiciens amateurs chevronn\u00e9s ainsi que de quelques jeunes professionnels. La Sinfonietta propose un <a href=\"http:\/\/www.sinfoniettageneve.ch\/prod\/concerts\/repertoire-0118\/\" data-type=\"page\" data-id=\"326\">r\u00e9pertoire vari\u00e9<\/a> \u00e0 l&rsquo;intention d&rsquo;un public large. Outre les oeuvres du grand r\u00e9pertoire classique et romantique, l&rsquo;orchestre s&rsquo;attache \u00e0 pr\u00e9senter des oeuvres peu jou\u00e9es voir in\u00e9dites. Il aime faire revivre la tradition de la musique l\u00e9g\u00e8re ou celle des salons viennois. <\/p>\n\n\n\n<p class=\"wp-block-paragraph\">Depuis 2005, sur une id\u00e9e de Beno\u00eet Willmann, la Sinfonietta organise chaque ann\u00e9e un <a href=\"http:\/\/www.sinfoniettageneve.ch\/prod\/orchestre\/concours\/\" data-type=\"page\" data-id=\"132\">concours pour quatre postes de musiciens d&rsquo;orchestre<\/a>. Ce concours s&rsquo;adresse \u00e0 de jeunes musiciens durant leurs \u00e9tudes \u00e0 la Haute Ecole de Musique de Gen\u00e8ve (HEM) et offre le double avantage d&rsquo;une part de donner \u00e0 des jeunes la possibilit\u00e9 de se former au m\u00e9tier de musicien d&rsquo;orchestre, d&rsquo;autre part de faire profiter l&rsquo;orchestre des comp\u00e9tences techniques et musicales de ces jeunes virtuoses.<\/p>\n\n\n\n<p class=\"wp-block-paragraph\">L&rsquo;orchestre r\u00e9p\u00e8te \u00e0 <meta charset=\"utf-8\"><\/meta>Gen\u00e8ve et donne <a href=\"http:\/\/www.sinfoniettageneve.ch\/prod\/concerts\/\" data-type=\"page\" data-id=\"54\">de 6 \u00e0 8 concerts<\/a> par an \u00e0 Gen\u00e8ve, en Suisse Romande ou en France. Depuis 2002 l\u2019ensemble est constitu\u00e9 en association \u00e0 but non lucratif g\u00e9r\u00e9e par <a href=\"http:\/\/www.sinfoniettageneve.ch\/prod\/orchestre\/comite\/\" data-type=\"page\" data-id=\"106\">son comit\u00e9<\/a>. Le directeur artistique est responsable de l\u2019\u00e9laboration des programmes musicaux et du choix des solistes. Les ressources de l\u2019orchestre proviennent des cotisations des membres, des recettes des concerts ainsi que de subsides de collectivit\u00e9s publiques et de fondations priv\u00e9es.<\/p>\n","protected":false},"excerpt":{"rendered":"<p>L&rsquo;orchestre de chambre La Sinfonietta de Gen\u00e8ve a \u00e9t\u00e9 cr\u00e9\u00e9 en 1991 par un musicien de l&rsquo;Orchestre de la Suisse Romande. Il a \u00e9t\u00e9 dirig\u00e9 de 2001 \u00e0 2018 par Beno\u00eet Willmann, de 2020 \u00e0 2022 par Pauline Ress\u00e9guier, et actuellement par Yann Kerninon. L&rsquo;orchestre se compose d&rsquo;une trentaine de membres, principalement des musiciens amateurs [&hellip;]<\/p>\n","protected":false},"author":1,"featured_media":0,"parent":0,"menu_order":0,"comment_status":"closed","ping_status":"closed","template":"templates\/template-full-width.php","meta":{"_vp_format_video_url":"","_vp_image_focal_point":[],"footnotes":""},"class_list":["post-56","page","type-page","status-publish","hentry"],"_links":{"self":[{"href":"http:\/\/www.sinfoniettageneve.ch\/prod\/wp-json\/wp\/v2\/pages\/56","targetHints":{"allow":["GET"]}}],"collection":[{"href":"http:\/\/www.sinfoniettageneve.ch\/prod\/wp-json\/wp\/v2\/pages"}],"about":[{"href":"http:\/\/www.sinfoniettageneve.ch\/prod\/wp-json\/wp\/v2\/types\/page"}],"author":[{"embeddable":true,"href":"http:\/\/www.sinfoniettageneve.ch\/prod\/wp-json\/wp\/v2\/users\/1"}],"replies":[{"embeddable":true,"href":"http:\/\/www.sinfoniettageneve.ch\/prod\/wp-json\/wp\/v2\/comments?post=56"}],"version-history":[{"count":16,"href":"http:\/\/www.sinfoniettageneve.ch\/prod\/wp-json\/wp\/v2\/pages\/56\/revisions"}],"predecessor-version":[{"id":887,"href":"http:\/\/www.sinfoniettageneve.ch\/prod\/wp-json\/wp\/v2\/pages\/56\/revisions\/887"}],"wp:attachment":[{"href":"http:\/\/www.sinfoniettageneve.ch\/prod\/wp-json\/wp\/v2\/media?parent=56"}],"curies":[{"name":"wp","href":"https:\/\/api.w.org\/{rel}","templated":true}]}}

<p class="wp-block-paragraph">L&rsquo;orchestre de chambre La Sinfonietta de Genève a été créé en 1991 par un musicien de l&rsquo;Orchestre de la Suisse Romande. Il a été dirigé de 2001 à 2018 par <a rel="noreferrer noopener" href="https://www.osr.ch/fr/losr/musiciens/musiciens/personne/benoit-willmann" target="_blank">Benoît Willmann</a>, de 2020 à 2022 par <a href="http://www.sinfoniettageneve.ch/prod/orchestre/pauline-resseguier/">Pauline Rességuier</a>, et actuellement par <a href="http://www.sinfoniettageneve.ch/prod/orchestre/yann-kerninon/" data-type="page" data-id="466">Yann Kerninon</a>.</p>



<p class="wp-block-paragraph">L&rsquo;orchestre se compose d&rsquo;une <a href="http://www.sinfoniettageneve.ch/prod/orchestre/musiciens/" data-type="page" data-id="58">trentaine de membres</a>, principalement des musiciens amateurs chevronnés ainsi que de quelques jeunes professionnels. La Sinfonietta propose un <a href="http://www.sinfoniettageneve.ch/prod/concerts/repertoire-0118/" data-type="page" data-id="326">répertoire varié</a> à l&rsquo;intention d&rsquo;un public large. Outre les oeuvres du grand répertoire classique et romantique, l&rsquo;orchestre s&rsquo;attache à présenter des oeuvres peu jouées voir inédites. Il aime faire revivre la tradition de la musique légère ou celle des salons viennois. </p>



<p class="wp-block-paragraph">Depuis 2005, sur une idée de Benoît Willmann, la Sinfonietta organise chaque année un <a href="http://www.sinfoniettageneve.ch/prod/orchestre/concours/" data-type="page" data-id="132">concours pour quatre postes de musiciens d&rsquo;orchestre</a>. Ce concours s&rsquo;adresse à de jeunes musiciens durant leurs études à la Haute Ecole de Musique de Genève (HEM) et offre le double avantage d&rsquo;une part de donner à des jeunes la possibilité de se former au métier de musicien d&rsquo;orchestre, d&rsquo;autre part de faire profiter l&rsquo;orchestre des compétences techniques et musicales de ces jeunes virtuoses.</p>



<p class="wp-block-paragraph">L&rsquo;orchestre répète à <meta charset="utf-8"></meta>Genève et donne <a href="http://www.sinfoniettageneve.ch/prod/concerts/" data-type="page" data-id="54">de 6 à 8 concerts</a> par an à Genève, en Suisse Romande ou en France. Depuis 2002 l’ensemble est constitué en association à but non lucratif gérée par <a href="http://www.sinfoniettageneve.ch/prod/orchestre/comite/" data-type="page" data-id="106">son comité</a>. Le directeur artistique est responsable de l’élaboration des programmes musicaux et du choix des solistes. Les ressources de l’orchestre proviennent des cotisations des membres, des recettes des concerts ainsi que de subsides de collectivités publiques et de fondations privées.</p>

<p>L&rsquo;orchestre de chambre La Sinfonietta de Genève a été créé en 1991 par un musicien de l&rsquo;Orchestre de la Suisse Romande. Il a été dirigé de 2001 à 2018 par Benoît Willmann, de 2020 à 2022 par Pauline Rességuier, et actuellement par Yann Kerninon. L&rsquo;orchestre se compose d&rsquo;une trentaine de membres, principalement des musiciens amateurs [&hellip;]</p>
