{"id":58,"date":"2021-09-09T16:12:23","date_gmt":"2021-09-09T14:12:23","guid":{"rendered":"http:\/\/www.sinfoniettageneve.ch\/prod\/?page_id=58"},"modified":"2026-03-15T13:23:53","modified_gmt":"2026-03-15T12:23:53","slug":"musiciens","status":"publish","type":"page","link":"http:\/\/www.sinfoniettageneve.ch\/prod\/orchestre\/musiciens\/","title":{"rendered":"Musiciens"},"content":{"rendered":"\n<h2 class=\"wp-block-heading\">Les musiciens de la Sinfonietta<\/h2>\n\n\n\n<p class=\"wp-block-paragraph\">Les chef(fe)s d&rsquo;attaques (violon, violoncelle, hautbois) sont recrut\u00e9s <a href=\"http:\/\/www.sinfoniettageneve.ch\/prod\/orchestre\/concours\/\" data-type=\"page\" data-id=\"132\">annuellement sur concours<\/a> <\/p>\n\n\n\n<h4 class=\"wp-block-heading\">Cordes<\/h4>\n\n\n\n<p class=\"wp-block-paragraph\"><strong>Violons:<\/strong> <a href=\"http:\/\/www.sinfoniettageneve.ch\/prod\/orchestre\/concours\/#favre\" data-type=\"page\"><strong>Lara Favre<\/strong><\/a>, <strong><a href=\"http:\/\/www.sinfoniettageneve.ch\/prod\/orchestre\/concours\/#gruffel\" data-type=\"page\">Apolline Gruffel<\/a>,<\/strong> Margrit Baeriswyl, Alain Brustel, Mireille Descombes, Th\u00e9r\u00e8se Kohler, Odile Schneuwly, Fran\u00e7oise Schwob, St\u00e9phane Villeneuve, Carole Vinocq<br><strong>Altos:<\/strong> Bernard Roder, Fran\u00e7oise Baud, Anne-Marie Rey, Jean Roworth, Hester Macdonald<br><strong>Violoncelles:<\/strong> <a href=\"http:\/\/www.sinfoniettageneve.ch\/prod\/orchestre\/concours\/#peron\" data-type=\"page\"><strong>Hanna Peron<\/strong><\/a>, Nicole Guignard, Benjamin Peters, Raymond Perez, Fran\u00e7ois Rudhard<br><strong>Contrebasse:<\/strong><\/p>\n\n\n\n<h4 class=\"wp-block-heading\">Bois<\/h4>\n\n\n\n<p class=\"wp-block-paragraph\"><strong>Fl\u00fbtes:<\/strong> Carolyn Polhill, Anne Villeneuve<br><strong>Hautbois:<\/strong> <a href=\"http:\/\/www.sinfoniettageneve.ch\/prod\/orchestre\/concours\/#regnier\" data-type=\"page\"><strong>Sophie Regnier<\/strong><\/a>, Alexandre Carette<br><strong>Clarinettes:<\/strong> Jacques Rougemont, Nicolas Colautti<br><strong>Bassons:<\/strong> Olivier Sorg<\/p>\n\n\n\n<h4 class=\"wp-block-heading\">Cuivres<\/h4>\n\n\n\n<p class=\"wp-block-paragraph\"><strong>Cors:<\/strong> Olivier Gloor <br><strong>Trompettes:<\/strong> <\/p>\n\n\n\n<h4 class=\"wp-block-heading\">Percussions<\/h4>\n\n\n\n<p class=\"wp-block-paragraph\"><strong>Timbales:<\/strong> Thivent Rodari<\/p>\n","protected":false},"excerpt":{"rendered":"<p>Les musiciens de la Sinfonietta Les chef(fe)s d&rsquo;attaques (violon, violoncelle, hautbois) sont recrut\u00e9s annuellement sur concours Cordes Violons: Lara Favre, Apolline Gruffel, Margrit Baeriswyl, Alain Brustel, Mireille Descombes, Th\u00e9r\u00e8se Kohler, Odile Schneuwly, Fran\u00e7oise Schwob, St\u00e9phane Villeneuve, Carole VinocqAltos: Bernard Roder, Fran\u00e7oise Baud, Anne-Marie Rey, Jean Roworth, Hester MacdonaldVioloncelles: Hanna Peron, Nicole Guignard, Benjamin Peters, Raymond [&hellip;]<\/p>\n","protected":false},"author":1,"featured_media":0,"parent":56,"menu_order":0,"comment_status":"closed","ping_status":"closed","template":"templates\/template-full-width.php","meta":{"_vp_format_video_url":"","_vp_image_focal_point":[],"footnotes":""},"class_list":["post-58","page","type-page","status-publish","hentry"],"_links":{"self":[{"href":"http:\/\/www.sinfoniettageneve.ch\/prod\/wp-json\/wp\/v2\/pages\/58","targetHints":{"allow":["GET"]}}],"collection":[{"href":"http:\/\/www.sinfoniettageneve.ch\/prod\/wp-json\/wp\/v2\/pages"}],"about":[{"href":"http:\/\/www.sinfoniettageneve.ch\/prod\/wp-json\/wp\/v2\/types\/page"}],"author":[{"embeddable":true,"href":"http:\/\/www.sinfoniettageneve.ch\/prod\/wp-json\/wp\/v2\/users\/1"}],"replies":[{"embeddable":true,"href":"http:\/\/www.sinfoniettageneve.ch\/prod\/wp-json\/wp\/v2\/comments?post=58"}],"version-history":[{"count":26,"href":"http:\/\/www.sinfoniettageneve.ch\/prod\/wp-json\/wp\/v2\/pages\/58\/revisions"}],"predecessor-version":[{"id":961,"href":"http:\/\/www.sinfoniettageneve.ch\/prod\/wp-json\/wp\/v2\/pages\/58\/revisions\/961"}],"up":[{"embeddable":true,"href":"http:\/\/www.sinfoniettageneve.ch\/prod\/wp-json\/wp\/v2\/pages\/56"}],"wp:attachment":[{"href":"http:\/\/www.sinfoniettageneve.ch\/prod\/wp-json\/wp\/v2\/media?parent=58"}],"curies":[{"name":"wp","href":"https:\/\/api.w.org\/{rel}","templated":true}]}}

<h2 class="wp-block-heading">Les musiciens de la Sinfonietta</h2>



<p class="wp-block-paragraph">Les chef(fe)s d&rsquo;attaques (violon, violoncelle, hautbois) sont recrutés <a href="http://www.sinfoniettageneve.ch/prod/orchestre/concours/" data-type="page" data-id="132">annuellement sur concours</a> </p>



<h4 class="wp-block-heading">Cordes</h4>



<p class="wp-block-paragraph"><strong>Violons:</strong> <a href="http://www.sinfoniettageneve.ch/prod/orchestre/concours/#favre" data-type="page"><strong>Lara Favre</strong></a>, <strong><a href="http://www.sinfoniettageneve.ch/prod/orchestre/concours/#gruffel" data-type="page">Apolline Gruffel</a>,</strong> Margrit Baeriswyl, Alain Brustel, Mireille Descombes, Thérèse Kohler, Odile Schneuwly, Françoise Schwob, Stéphane Villeneuve, Carole Vinocq<br><strong>Altos:</strong> Bernard Roder, Françoise Baud, Anne-Marie Rey, Jean Roworth, Hester Macdonald<br><strong>Violoncelles:</strong> <a href="http://www.sinfoniettageneve.ch/prod/orchestre/concours/#peron" data-type="page"><strong>Hanna Peron</strong></a>, Nicole Guignard, Benjamin Peters, Raymond Perez, François Rudhard<br><strong>Contrebasse:</strong></p>



<h4 class="wp-block-heading">Bois</h4>



<p class="wp-block-paragraph"><strong>Flûtes:</strong> Carolyn Polhill, Anne Villeneuve<br><strong>Hautbois:</strong> <a href="http://www.sinfoniettageneve.ch/prod/orchestre/concours/#regnier" data-type="page"><strong>Sophie Regnier</strong></a>, Alexandre Carette<br><strong>Clarinettes:</strong> Jacques Rougemont, Nicolas Colautti<br><strong>Bassons:</strong> Olivier Sorg</p>



<h4 class="wp-block-heading">Cuivres</h4>



<p class="wp-block-paragraph"><strong>Cors:</strong> Olivier Gloor <br><strong>Trompettes:</strong> </p>



<h4 class="wp-block-heading">Percussions</h4>



<p class="wp-block-paragraph"><strong>Timbales:</strong> Thivent Rodari</p>

<p>Les musiciens de la Sinfonietta Les chef(fe)s d&rsquo;attaques (violon, violoncelle, hautbois) sont recrutés annuellement sur concours Cordes Violons: Lara Favre, Apolline Gruffel, Margrit Baeriswyl, Alain Brustel, Mireille Descombes, Thérèse Kohler, Odile Schneuwly, Françoise Schwob, Stéphane Villeneuve, Carole VinocqAltos: Bernard Roder, Françoise Baud, Anne-Marie Rey, Jean Roworth, Hester MacdonaldVioloncelles: Hanna Peron, Nicole Guignard, Benjamin Peters, Raymond [&hellip;]</p>
