{"id":810,"date":"2024-12-03T16:01:07","date_gmt":"2024-12-03T15:01:07","guid":{"rendered":"http:\/\/www.sinfoniettageneve.ch\/prod\/?page_id=810"},"modified":"2026-04-11T14:09:27","modified_gmt":"2026-04-11T12:09:27","slug":"concerts-2425","status":"publish","type":"page","link":"http:\/\/www.sinfoniettageneve.ch\/prod\/concerts\/concerts-2425\/","title":{"rendered":"Concerts-2425"},"content":{"rendered":"\n<h2 class=\"wp-block-heading\" id=\"saison-2024-2025\">Saison 2024-2025<\/h2>\n\n\n\n<p class=\"has-background wp-block-paragraph\" style=\"background-color:#c1e8fb\">16 novembre 2024: <strong>Temple de Rolle<\/strong><br>17 novembre 2024: <strong><strong>Eglise de Compesi\u00e8res (Gen\u00e8ve)<\/strong><\/strong><\/p>\n\n\n\n<p class=\"wp-block-paragraph\">Direction:&nbsp;<strong>Yann Kerninon<\/strong><br>Violon:&nbsp;<strong>Aymeric Bonhomme<\/strong><\/p>\n\n\n\n<p class=\"wp-block-paragraph\">Felix Mendelssohn, <em>Concerto pour violon <\/em><br>Ludwig van Beethoven, <em>Symphonie no 7<\/em><\/p>\n\n\n\n<p class=\"has-background wp-block-paragraph\" style=\"background-color:#c1e8fb\">22 mars 2025: <strong>Temple de Rolle<\/strong> <br>23 mars 2025: <strong><strong>Eglise de Compesi\u00e8res (Gen\u00e8ve)<\/strong><\/strong><\/p>\n\n\n\n<p class=\"wp-block-paragraph\"><meta charset=\"utf-8\">Direction:&nbsp;<strong>Yann Kerninon<\/strong><br>Guitare:&nbsp;<strong>Alessio Nebiolo<\/strong><\/p>\n\n\n\n<p class=\"wp-block-paragraph\">Joaqu\u00edn Rodrigo, <em>Concierto de Aranjuez <\/em><br>Lorenzo Turchi-Floris, <em>Les barricades myst\u00e9rieuses<\/em><br>Robert Schumann, <em>Ouverture, Scherzo et Finale<\/em><\/p>\n\n\n\n<p class=\"has-background wp-block-paragraph\" style=\"background-color:#c1e8fb\">21 juin 2025 &#8211; F\u00eate de la musique: <strong>Salle Frank-Martin<\/strong><br>27 juin 2025: <strong>Temple de Rolle<\/strong><\/p>\n\n\n\n<p class=\"wp-block-paragraph\"><meta charset=\"utf-8\">Direction:&nbsp;<strong>Yann Kerninon<\/strong><br>Violon:&nbsp;<strong>Charlotte Orcel<\/strong><br>Violoncelle:&nbsp;<strong>Anna Ozdemir<\/strong><br>Piano: <strong>Florie-Jeanne Riva<\/strong><\/p>\n\n\n\n<p class=\"wp-block-paragraph\">Ludwig van Beethoven, <em>Ouverture Coriolan <\/em><br>Franz Schubert, <em>Rosamunde (extraits)<\/em><br>Ludwig van Beethoven, <em>Triple concerto op.56 <\/em><\/p>\n\n\n\n<p class=\"has-text-align-center wp-block-paragraph\"><a href=\"http:\/\/www.sinfoniettageneve.ch\/prod\/concerts\/concerts-2324\/\">2023-2024<\/a> \/ <a href=\"http:\/\/www.sinfoniettageneve.ch\/prod\/concerts\/concerts-2526\/\" data-type=\"page\" data-id=\"54\">2025-2026<\/a><\/p>\n","protected":false},"excerpt":{"rendered":"<p>Saison 2024-2025 16 novembre 2024: Temple de Rolle17 novembre 2024: Eglise de Compesi\u00e8res (Gen\u00e8ve) Direction:&nbsp;Yann KerninonViolon:&nbsp;Aymeric Bonhomme Felix Mendelssohn, Concerto pour violon Ludwig van Beethoven, Symphonie no 7 22 mars 2025: Temple de Rolle 23 mars 2025: Eglise de Compesi\u00e8res (Gen\u00e8ve) Direction:&nbsp;Yann KerninonGuitare:&nbsp;Alessio Nebiolo Joaqu\u00edn Rodrigo, Concierto de Aranjuez Lorenzo Turchi-Floris, Les barricades myst\u00e9rieusesRobert Schumann, [&hellip;]<\/p>\n","protected":false},"author":1,"featured_media":0,"parent":54,"menu_order":0,"comment_status":"closed","ping_status":"closed","template":"templates\/template-full-width.php","meta":{"_vp_format_video_url":"","_vp_image_focal_point":[],"footnotes":""},"class_list":["post-810","page","type-page","status-publish","hentry"],"_links":{"self":[{"href":"http:\/\/www.sinfoniettageneve.ch\/prod\/wp-json\/wp\/v2\/pages\/810","targetHints":{"allow":["GET"]}}],"collection":[{"href":"http:\/\/www.sinfoniettageneve.ch\/prod\/wp-json\/wp\/v2\/pages"}],"about":[{"href":"http:\/\/www.sinfoniettageneve.ch\/prod\/wp-json\/wp\/v2\/types\/page"}],"author":[{"embeddable":true,"href":"http:\/\/www.sinfoniettageneve.ch\/prod\/wp-json\/wp\/v2\/users\/1"}],"replies":[{"embeddable":true,"href":"http:\/\/www.sinfoniettageneve.ch\/prod\/wp-json\/wp\/v2\/comments?post=810"}],"version-history":[{"count":4,"href":"http:\/\/www.sinfoniettageneve.ch\/prod\/wp-json\/wp\/v2\/pages\/810\/revisions"}],"predecessor-version":[{"id":972,"href":"http:\/\/www.sinfoniettageneve.ch\/prod\/wp-json\/wp\/v2\/pages\/810\/revisions\/972"}],"up":[{"embeddable":true,"href":"http:\/\/www.sinfoniettageneve.ch\/prod\/wp-json\/wp\/v2\/pages\/54"}],"wp:attachment":[{"href":"http:\/\/www.sinfoniettageneve.ch\/prod\/wp-json\/wp\/v2\/media?parent=810"}],"curies":[{"name":"wp","href":"https:\/\/api.w.org\/{rel}","templated":true}]}}

<h2 class="wp-block-heading" id="saison-2024-2025">Saison 2024-2025</h2>



<p class="has-background wp-block-paragraph" style="background-color:#c1e8fb">16 novembre 2024: <strong>Temple de Rolle</strong><br>17 novembre 2024: <strong><strong>Eglise de Compesières (Genève)</strong></strong></p>



<p class="wp-block-paragraph">Direction:&nbsp;<strong>Yann Kerninon</strong><br>Violon:&nbsp;<strong>Aymeric Bonhomme</strong></p>



<p class="wp-block-paragraph">Felix Mendelssohn, <em>Concerto pour violon </em><br>Ludwig van Beethoven, <em>Symphonie no 7</em></p>



<p class="has-background wp-block-paragraph" style="background-color:#c1e8fb">22 mars 2025: <strong>Temple de Rolle</strong> <br>23 mars 2025: <strong><strong>Eglise de Compesières (Genève)</strong></strong></p>



<p class="wp-block-paragraph"><meta charset="utf-8">Direction:&nbsp;<strong>Yann Kerninon</strong><br>Guitare:&nbsp;<strong>Alessio Nebiolo</strong></p>



<p class="wp-block-paragraph">Joaquín Rodrigo, <em>Concierto de Aranjuez </em><br>Lorenzo Turchi-Floris, <em>Les barricades mystérieuses</em><br>Robert Schumann, <em>Ouverture, Scherzo et Finale</em></p>



<p class="has-background wp-block-paragraph" style="background-color:#c1e8fb">21 juin 2025 &#8211; Fête de la musique: <strong>Salle Frank-Martin</strong><br>27 juin 2025: <strong>Temple de Rolle</strong></p>



<p class="wp-block-paragraph"><meta charset="utf-8">Direction:&nbsp;<strong>Yann Kerninon</strong><br>Violon:&nbsp;<strong>Charlotte Orcel</strong><br>Violoncelle:&nbsp;<strong>Anna Ozdemir</strong><br>Piano: <strong>Florie-Jeanne Riva</strong></p>



<p class="wp-block-paragraph">Ludwig van Beethoven, <em>Ouverture Coriolan </em><br>Franz Schubert, <em>Rosamunde (extraits)</em><br>Ludwig van Beethoven, <em>Triple concerto op.56 </em></p>



<p class="has-text-align-center wp-block-paragraph"><a href="http://www.sinfoniettageneve.ch/prod/concerts/concerts-2324/">2023-2024</a> / <a href="http://www.sinfoniettageneve.ch/prod/concerts/concerts-2526/" data-type="page" data-id="54">2025-2026</a></p>

<p>Saison 2024-2025 16 novembre 2024: Temple de Rolle17 novembre 2024: Eglise de Compesières (Genève) Direction:&nbsp;Yann KerninonViolon:&nbsp;Aymeric Bonhomme Felix Mendelssohn, Concerto pour violon Ludwig van Beethoven, Symphonie no 7 22 mars 2025: Temple de Rolle 23 mars 2025: Eglise de Compesières (Genève) Direction:&nbsp;Yann KerninonGuitare:&nbsp;Alessio Nebiolo Joaquín Rodrigo, Concierto de Aranjuez Lorenzo Turchi-Floris, Les barricades mystérieusesRobert Schumann, [&hellip;]</p>
